--
-- Host: localhost    Database: dbdashboard
-- ------------------------------------------------------


--
-- Table structure for table `campus_centralizado`
--

CREATE TABLE `campus_centralizado` (
  `id` int(11) NOT NULL AUTO_INCREMENT,
  `nombre` varchar(255) NOT NULL DEFAULT 'Maya Click Plus',
  `dominio` varchar(255) NOT NULL DEFAULT 'mayaclickplus.mayaeducacion.com',
  `servidor_id` int(11) NOT NULL,
  `moosh_path` varchar(255) NOT NULL DEFAULT '/var/www/html/mayaclickplus/moosh',
  `moodle_path` varchar(255) NOT NULL DEFAULT '/var/www/html/mayaclickplus',
  `db_name` varchar(100) NOT NULL DEFAULT 'dbmayaclickplus',
  `duracion_matricula_meses` int(11) NOT NULL DEFAULT 10,
  `estado` enum('activo','inactivo') DEFAULT 'activo',
  PRIMARY KEY (`id`),
  KEY `servidor_id` (`servidor_id`),
  CONSTRAINT `campus_centralizado_ibfk_1` FOREIGN KEY (`servidor_id`) REFERENCES `servidores` (`id`)
) ENGINE=InnoDB AUTO_INCREMENT=2 DEFAULT CHARSET=utf8mb4 COLLATE=utf8mb4_general_ci;

--
-- Dumping data for table `campus_centralizado`
--

INSERT INTO `campus_centralizado` VALUES (1,'MayaClick Plus','mayaclickplus.mayaeducacion.com',1,'/var/www/html/mayaclickplus/moosh','/var/www/html/mayaclickplus/','dbmayaclickplus',10,'activo');

--
-- Table structure for table `configuraciones`
--

CREATE TABLE `configuraciones` (
  `id` int(11) NOT NULL AUTO_INCREMENT,
  `clave` varchar(50) NOT NULL,
  `valor` text DEFAULT NULL,
  `updated_at` timestamp NOT NULL DEFAULT current_timestamp() ON UPDATE current_timestamp(),
  PRIMARY KEY (`id`),
  UNIQUE KEY `clave` (`clave`)
) ENGINE=InnoDB AUTO_INCREMENT=13 DEFAULT CHARSET=utf8mb4 COLLATE=utf8mb4_general_ci;

--
-- Dumping data for table `configuraciones`
--

INSERT INTO `configuraciones` VALUES (1,'mail_host','smtp.gmail.com','2026-03-21 14:47:53'),(2,'mail_user','atencionalclientequasar@gmail.com','2026-03-21 14:47:53'),(3,'mail_pass','lfxw ejjg hmrd rzez','2026-03-21 14:47:53'),(4,'mail_port','587','2026-03-21 14:47:53'),(5,'mail_from','atencionalclientequasar@gmail.com','2026-03-21 14:48:00'),(6,'mail_from_name','Sistema Quasar','2026-03-21 14:26:51'),(7,'mail_admin_notif','atencionalclientequasar@gmail.com','2026-03-21 14:48:00');

--
-- Table structure for table `distribuidores`
--

CREATE TABLE `distribuidores` (
  `id` int(11) NOT NULL AUTO_INCREMENT,
  `nombre` varchar(150) NOT NULL,
  `email` varchar(100) NOT NULL,
  `logo` varchar(255) DEFAULT NULL,
  `usuario_id` int(11) DEFAULT NULL,
  PRIMARY KEY (`id`),
  KEY `usuario_id` (`usuario_id`),
  CONSTRAINT `distribuidores_ibfk_1` FOREIGN KEY (`usuario_id`) REFERENCES `usuarios` (`id`)
) ENGINE=InnoDB DEFAULT CHARSET=utf8mb4 COLLATE=utf8mb4_general_ci;

--
-- Dumping data for table `distribuidores`
--


--
-- Table structure for table `editoriales`
--

CREATE TABLE `editoriales` (
  `id` int(11) NOT NULL AUTO_INCREMENT,
  `nombre` varchar(100) NOT NULL,
  `logo` varchar(255) DEFAULT NULL,
  `descripcion` text DEFAULT NULL,
  `sitio_web` varchar(255) DEFAULT '',
  `telefono` varchar(50) DEFAULT '',
  `email_contacto` varchar(100) DEFAULT '',
  `estado` varchar(20) DEFAULT 'activo',
  PRIMARY KEY (`id`)
) ENGINE=InnoDB AUTO_INCREMENT=2 DEFAULT CHARSET=utf8mb4 COLLATE=utf8mb4_general_ci;

--
-- Dumping data for table `editoriales`
--

INSERT INTO `editoriales` VALUES (1,'Maya Educación','https://web.mayaeducacion.com/wp-content/uploads/2018/06/logo150x150.png','','https://mayaeducacion.com','','coordinacion@mayaeducacion.com','activo');

--
-- Table structure for table `eva_mentor_config`
--

CREATE TABLE `eva_mentor_config` (
  `id` int(11) NOT NULL AUTO_INCREMENT,
  `nombre` varchar(255) DEFAULT 'EVA Mentor',
  `dominio` varchar(255) DEFAULT NULL,
  `servidor_id` int(11) DEFAULT NULL,
  `moosh_path` varchar(255) DEFAULT NULL,
  `moodle_path` varchar(255) DEFAULT NULL,
  `db_name` varchar(255) DEFAULT NULL,
  `estado` enum('activo','inactivo') DEFAULT 'activo',
  PRIMARY KEY (`id`)
) ENGINE=InnoDB AUTO_INCREMENT=2 DEFAULT CHARSET=utf8mb4 COLLATE=utf8mb4_general_ci;

--
-- Dumping data for table `eva_mentor_config`
--

INSERT INTO `eva_mentor_config` VALUES (1,'EVA Mentor','https://eva-portafolio-mentor.mayaeducacion.com/',1,'/var/www/html/evaportafoliomentor/moosh','/var/www/html/evaportafoliomentor','dbevaportafoliomentor2','activo');

--
-- Table structure for table `eva_mentor_libros`
--

CREATE TABLE `eva_mentor_libros` (
  `id` int(11) NOT NULL AUTO_INCREMENT,
  `nombre` varchar(255) NOT NULL,
  `moodle_course_id` int(11) NOT NULL,
  `idnumber` varchar(100) DEFAULT NULL,
  `descripcion` text DEFAULT NULL,
  `estado` varchar(20) DEFAULT 'activo',
  `last_sync` timestamp NOT NULL DEFAULT current_timestamp(),
  PRIMARY KEY (`id`)
) ENGINE=InnoDB AUTO_INCREMENT=144 DEFAULT CHARSET=utf8mb4 COLLATE=utf8mb4_general_ci;

--
-- Dumping data for table `eva_mentor_libros`
--

INSERT INTO `eva_mentor_libros` VALUES (1,'Anatomía 3 BGU',121,'',NULL,'activo','2026-04-03 23:42:13'),(2,'Biología Plus + 1 BGU',62,'',NULL,'activo','2026-04-03 23:42:13'),(3,'Biología Plus + 1 BGU Premium',170,'',NULL,'activo','2026-04-03 23:42:13'),(4,'Biología Plus + 2 BGU',65,'',NULL,'activo','2026-04-03 23:42:13'),(5,'Biología Plus + 2 BGU Premium',162,'',NULL,'activo','2026-04-03 23:42:13'),(6,'Biología Plus + 3 BGU',68,'',NULL,'activo','2026-04-03 23:42:13'),(7,'Biología Plus + 3 BGU Premium',161,'',NULL,'activo','2026-04-03 23:42:13'),(8,'Caracolitos 1 EGB',112,'',NULL,'activo','2026-04-03 23:42:13'),(9,'Caracolitos Inicial 1',118,'',NULL,'activo','2026-04-03 23:42:13'),(10,'Caracolitos Inicial 2',119,'',NULL,'activo','2026-04-03 23:42:13'),(11,'Caracolitos Plus Inicial 1',148,'',NULL,'activo','2026-04-03 23:42:13'),(12,'Caracolitos Plus Inicial 2',149,'',NULL,'activo','2026-04-03 23:42:13'),(13,'Ciencias Naturales Plus + 10 EGB',56,'',NULL,'activo','2026-04-03 23:42:13'),(14,'Ciencias Naturales Plus + 10 EGB Premium',169,'',NULL,'activo','2026-04-03 23:42:13'),(15,'Ciencias Naturales Plus + 2 EGB',22,'',NULL,'activo','2026-04-03 23:42:13'),(16,'Ciencias Naturales Plus + 3 EGB',23,'',NULL,'activo','2026-04-03 23:42:13'),(17,'Ciencias Naturales Plus + 4 EGB',25,'',NULL,'activo','2026-04-03 23:42:13'),(18,'Ciencias Naturales Plus + 5 EGB',27,'',NULL,'activo','2026-04-03 23:42:13'),(19,'Ciencias Naturales Plus + 6 EGB',30,'',NULL,'activo','2026-04-03 23:42:13'),(20,'Ciencias Naturales Plus + 7 EGB',34,'',NULL,'activo','2026-04-03 23:42:13'),(21,'Ciencias Naturales Plus + 8 EGB',51,'',NULL,'activo','2026-04-03 23:42:13'),(22,'Ciencias Naturales Plus + 8 EGB Premium',167,'',NULL,'activo','2026-04-03 23:42:13'),(23,'Ciencias Naturales Plus + 9 EGB',53,'',NULL,'activo','2026-04-03 23:42:13'),(24,'Ciencias Naturales Plus + 9 EGB Premium',168,'',NULL,'activo','2026-04-03 23:42:13'),(25,'Cívica',115,'',NULL,'activo','2026-04-03 23:42:13'),(26,'Corrientes Filosóficas 3 BGU',114,'',NULL,'activo','2026-04-03 23:42:13'),(27,'Cuaderno de Trabajo 1 BGU',144,'',NULL,'activo','2026-04-03 23:42:13'),(28,'Cuaderno de Trabajo 10 EGB',143,'',NULL,'activo','2026-04-03 23:42:13'),(29,'Cuaderno de Trabajo 2 BGU',145,'',NULL,'activo','2026-04-03 23:42:13'),(30,'Cuaderno de Trabajo 2 EGB',135,'',NULL,'activo','2026-04-03 23:42:13'),(31,'Cuaderno de Trabajo 3 BGU',146,'',NULL,'activo','2026-04-03 23:42:13'),(32,'Cuaderno de Trabajo 3 EGB',136,'',NULL,'activo','2026-04-03 23:42:13'),(33,'Cuaderno de Trabajo 4 EGB',137,'',NULL,'activo','2026-04-03 23:42:13'),(34,'Cuaderno de Trabajo 5 EGB',138,'',NULL,'activo','2026-04-03 23:42:13'),(35,'Cuaderno de Trabajo 6 EGB',139,'',NULL,'activo','2026-04-03 23:42:13'),(36,'Cuaderno de Trabajo 7 EGB',140,'',NULL,'activo','2026-04-03 23:42:13'),(37,'Cuaderno de Trabajo 8 EGB',141,'',NULL,'activo','2026-04-03 23:42:13'),(38,'Cuaderno de Trabajo 9 EGB',142,'',NULL,'activo','2026-04-03 23:42:13'),(39,'Cuentos',111,'',NULL,'activo','2026-04-03 23:42:13'),(40,'Educación Cultural y Artística Canela 1 BGU',104,'',NULL,'activo','2026-04-03 23:42:13'),(41,'Educación Cultural y Artística Canela 1 EGB',120,'',NULL,'activo','2026-04-03 23:42:13'),(42,'Educación Cultural y Artística Canela 10 EGB',103,'',NULL,'activo','2026-04-03 23:42:13'),(43,'Educación Cultural y Artística Canela 2 BGU',105,'',NULL,'activo','2026-04-03 23:42:13'),(44,'Educación Cultural y Artística Canela 2 EGB',95,'',NULL,'activo','2026-04-03 23:42:13'),(45,'Educación Cultural y Artística Canela 3 EGB',96,'',NULL,'activo','2026-04-03 23:42:13'),(46,'Educación Cultural y Artística Canela 4 EGB',97,'',NULL,'activo','2026-04-03 23:42:13'),(47,'Educación Cultural y Artística Canela 5 EGB',98,'',NULL,'activo','2026-04-03 23:42:13'),(48,'Educación Cultural y Artística Canela 6 EGB',99,'',NULL,'activo','2026-04-03 23:42:13'),(49,'Educación Cultural y Artística Canela 7 EGB',100,'',NULL,'activo','2026-04-03 23:42:13'),(50,'Educación Cultural y Artística Canela 8 EGB',101,'',NULL,'activo','2026-04-03 23:42:13'),(51,'Educación Cultural y Artística Canela 9 EGB',102,'',NULL,'activo','2026-04-03 23:42:13'),(52,'Educación para la Ciudadanía Plus + 1 BGU',77,'',NULL,'activo','2026-04-03 23:42:13'),(53,'Educación para la Ciudadanía Plus + 2 BGU',85,'',NULL,'activo','2026-04-03 23:42:13'),(54,'Emprendimiento y Gestión Plus + 1 BGU',76,'',NULL,'activo','2026-04-03 23:42:13'),(55,'Emprendimiento y Gestión Plus + 2 BGU',84,'',NULL,'activo','2026-04-03 23:42:13'),(56,'Emprendimiento y Gestión Plus + 3 BGU',92,'',NULL,'activo','2026-04-03 23:42:13'),(57,'Estudios Sociales Plus + 10 EGB',59,'',NULL,'activo','2026-04-03 23:42:13'),(58,'Estudios Sociales Plus + 2 EGB',29,'',NULL,'activo','2026-04-03 23:42:13'),(59,'Estudios Sociales Plus + 3 EGB',32,'',NULL,'activo','2026-04-03 23:42:13'),(60,'Estudios Sociales Plus + 4 EGB',35,'',NULL,'activo','2026-04-03 23:42:13'),(61,'Estudios Sociales Plus + 5 EGB',37,'',NULL,'activo','2026-04-03 23:42:13'),(62,'Estudios Sociales Plus + 6 EGB',39,'',NULL,'activo','2026-04-03 23:42:13'),(63,'Estudios Sociales Plus + 7 EGB',42,'',NULL,'activo','2026-04-03 23:42:13'),(64,'Estudios Sociales Plus + 8 EGB',54,'',NULL,'activo','2026-04-03 23:42:13'),(65,'Estudios Sociales Plus + 9 EGB',57,'',NULL,'activo','2026-04-03 23:42:13'),(66,'Festival de la Lectura 1 BGU',132,'',NULL,'activo','2026-04-03 23:42:13'),(67,'Festival de la Lectura 1 EGB',122,'',NULL,'activo','2026-04-03 23:42:13'),(68,'Festival de la Lectura 10 EGB',131,'',NULL,'activo','2026-04-03 23:42:13'),(69,'Festival de la Lectura 2 BGU',133,'',NULL,'activo','2026-04-03 23:42:13'),(70,'Festival de la Lectura 2 EGB',123,'',NULL,'activo','2026-04-03 23:42:13'),(71,'Festival de la Lectura 3 BGU',134,'',NULL,'activo','2026-04-03 23:42:13'),(72,'Festival de la Lectura 3 EGB',124,'',NULL,'activo','2026-04-03 23:42:13'),(73,'Festival de la Lectura 4 EGB',125,'',NULL,'activo','2026-04-03 23:42:13'),(74,'Festival de la Lectura 5 EGB',126,'',NULL,'activo','2026-04-03 23:42:13'),(75,'Festival de la Lectura 6 EGB',127,'',NULL,'activo','2026-04-03 23:42:13'),(76,'Festival de la Lectura 7 EGB',128,'',NULL,'activo','2026-04-03 23:42:13'),(77,'Festival de la Lectura 8 EGB',129,'',NULL,'activo','2026-04-03 23:42:13'),(78,'Festival de la Lectura 9 EGB',130,'',NULL,'activo','2026-04-03 23:42:13'),(79,'Filosofía Plus + 1 BGU',93,'',NULL,'activo','2026-04-03 23:42:13'),(80,'Filosofía Plus + 2 BGU',94,'',NULL,'activo','2026-04-03 23:42:13'),(81,'Física Plus + 1 BGU',60,'',NULL,'activo','2026-04-03 23:42:13'),(82,'Física Plus + 2 BGU',61,'',NULL,'activo','2026-04-03 23:42:13'),(83,'Física Plus + 3 BGU',64,'',NULL,'activo','2026-04-03 23:42:13'),(84,'Generador de Cuestionarios Docentes',147,'',NULL,'activo','2026-04-03 23:42:13'),(85,'Historia Plus + 1 BGU',66,'',NULL,'activo','2026-04-03 23:42:13'),(86,'Historia Plus + 2 BGU',69,'',NULL,'activo','2026-04-03 23:42:13'),(87,'Historia Plus + 3 BGU',73,'',NULL,'activo','2026-04-03 23:42:13'),(88,'Investigación 3 BGU',109,'',NULL,'activo','2026-04-03 23:42:13'),(89,'Lengua y Literatura Plus + 1 BGU',67,'',NULL,'activo','2026-04-03 23:42:13'),(90,'Lengua y Literatura Plus + 1 BGU Platinum',164,'',NULL,'activo','2026-04-03 23:42:14'),(91,'Lengua y Literatura Plus + 10 EGB',50,'',NULL,'activo','2026-04-03 23:42:14'),(92,'Lengua y Literatura Plus + 10 EGB Platinum',156,'',NULL,'activo','2026-04-03 23:42:14'),(93,'Lengua y Literatura Plus + 2 BGU',70,'',NULL,'activo','2026-04-03 23:42:14'),(94,'Lengua y Literatura Plus + 2 BGU Platinum',165,'',NULL,'activo','2026-04-03 23:42:14'),(95,'Lengua y Literatura Plus + 2 EGB',24,'',NULL,'activo','2026-04-03 23:42:14'),(96,'Lengua y Literatura Plus + 3 BGU',72,'',NULL,'activo','2026-04-03 23:42:14'),(97,'Lengua y Literatura Plus + 3 BGU Platinum',166,'',NULL,'activo','2026-04-03 23:42:14'),(98,'Lengua y Literatura Plus + 3 EGB',26,'',NULL,'activo','2026-04-03 23:42:14'),(99,'Lengua y Literatura Plus + 4 EGB',28,'',NULL,'activo','2026-04-03 23:42:14'),(100,'Lengua y Literatura Plus + 5 EGB',31,'',NULL,'activo','2026-04-03 23:42:14'),(101,'Lengua y Literatura Plus + 6 EGB',33,'',NULL,'activo','2026-04-03 23:42:14'),(102,'Lengua y Literatura Plus + 7 EGB',36,'',NULL,'activo','2026-04-03 23:42:14'),(103,'Lengua y Literatura Plus + 8 EGB',46,'',NULL,'activo','2026-04-03 23:42:14'),(104,'Lengua y Literatura Plus + 8 EGB Platinum',155,'',NULL,'activo','2026-04-03 23:42:14'),(105,'Lengua y Literatura Plus + 9 EGB',48,'',NULL,'activo','2026-04-03 23:42:14'),(106,'Lengua y Literatura Plus + 9 EGB Platinum',154,'',NULL,'activo','2026-04-03 23:42:14'),(107,'Matemáticas Plus + 1 BGU',71,'',NULL,'activo','2026-04-03 23:42:14'),(108,'Matemáticas Plus + 1 BGU Platinum',159,'',NULL,'activo','2026-04-03 23:42:14'),(109,'Matemáticas Plus + 10 EGB',47,'',NULL,'activo','2026-04-03 23:42:14'),(110,'Matemáticas Plus + 10 EGB Platinum',151,'',NULL,'activo','2026-04-03 23:42:14'),(111,'Matemáticas Plus + 2 BGU',74,'',NULL,'activo','2026-04-03 23:42:14'),(112,'Matemáticas Plus + 2 BGU Platinum',160,'',NULL,'activo','2026-04-03 23:42:14'),(113,'Matemáticas Plus + 2 EGB',38,'',NULL,'activo','2026-04-03 23:42:14'),(114,'Matemáticas Plus + 3 BGU',75,'',NULL,'activo','2026-04-03 23:42:14'),(115,'Matemáticas Plus + 3 BGU Platinum',157,'',NULL,'activo','2026-04-03 23:42:14'),(116,'Matemáticas Plus + 3 EGB',40,'',NULL,'activo','2026-04-03 23:42:14'),(117,'Matemáticas Plus + 4 EGB',43,'',NULL,'activo','2026-04-03 23:42:14'),(118,'Matemáticas Plus + 5 EGB',45,'',NULL,'activo','2026-04-03 23:42:14'),(119,'Matemáticas Plus + 6 EGB',49,'',NULL,'activo','2026-04-03 23:42:14'),(120,'Matemáticas Plus + 7 EGB',52,'',NULL,'activo','2026-04-03 23:42:14'),(121,'Matemáticas Plus + 8 EGB',41,'',NULL,'activo','2026-04-03 23:42:14'),(122,'Matemáticas Plus + 8 EGB Platinum',153,'',NULL,'activo','2026-04-03 23:42:14'),(123,'Matemáticas Plus + 9 EGB',44,'',NULL,'activo','2026-04-03 23:42:14'),(124,'Matemáticas Plus + 9 EGB Platinum',152,'',NULL,'activo','2026-04-03 23:42:14'),(125,'New Learning 1 BGU',89,'',NULL,'activo','2026-04-03 23:42:14'),(126,'New Learning 10 EGB',88,'',NULL,'activo','2026-04-03 23:42:14'),(127,'New Learning 2 BGU',90,'',NULL,'activo','2026-04-03 23:42:14'),(128,'New Learning 2 EGB',78,'',NULL,'activo','2026-04-03 23:42:14'),(129,'New Learning 3 BGU',91,'',NULL,'activo','2026-04-03 23:42:14'),(130,'New Learning 3 EGB',79,'',NULL,'activo','2026-04-03 23:42:14'),(131,'New Learning 4 EGB',80,'',NULL,'activo','2026-04-03 23:42:14'),(132,'New Learning 5 EGB',81,'',NULL,'activo','2026-04-03 23:42:14'),(133,'New Learning 6 EGB',82,'',NULL,'activo','2026-04-03 23:42:14'),(134,'New Learning 7 EGB',83,'',NULL,'activo','2026-04-03 23:42:14'),(135,'New Learning 8 EGB',86,'',NULL,'activo','2026-04-03 23:42:14'),(136,'New Learning 9 EGB',87,'',NULL,'activo','2026-04-03 23:42:14'),(137,'Números Complejos 3 BGU',116,'',NULL,'activo','2026-04-03 23:42:14'),(138,'Problemas del Mundo Contemporáneo 3 BGU',108,'',NULL,'activo','2026-04-03 23:42:14'),(139,'Psicología 3 BGU',110,'',NULL,'activo','2026-04-03 23:42:14'),(140,'Química Plus + 1 BGU',55,'',NULL,'activo','2026-04-03 23:42:14'),(141,'Química Plus + 2 BGU',58,'',NULL,'activo','2026-04-03 23:42:14'),(142,'Química Plus + 3 BGU',63,'',NULL,'activo','2026-04-03 23:42:14'),(143,'Sociología 3 BGU',107,'',NULL,'activo','2026-04-03 23:42:14');

--
-- Table structure for table `eva_mentor_paquetes`
--

CREATE TABLE `eva_mentor_paquetes` (
  `id` int(11) NOT NULL AUTO_INCREMENT,
  `nombre` varchar(255) NOT NULL,
  `cohort_id` varchar(50) NOT NULL,
  `descripcion` text DEFAULT NULL,
  `estado` enum('activo','inactivo') DEFAULT 'activo',
  `created_at` timestamp NOT NULL DEFAULT current_timestamp(),
  PRIMARY KEY (`id`)
) ENGINE=InnoDB AUTO_INCREMENT=31 DEFAULT CHARSET=utf8mb4 COLLATE=utf8mb4_general_ci;

--
-- Dumping data for table `eva_mentor_paquetes`
--

INSERT INTO `eva_mentor_paquetes` VALUES (1,'Paquete Digital 1-2-3 Biología','13','','activo','2026-04-03 22:50:08'),(2,'Paquete Digital 1-2-3 Ciudadanía - Filosofía','18','','activo','2026-04-03 22:50:08'),(3,'Paquete Digital 1-2-3 Emprendimiento','17','','activo','2026-04-03 22:50:08'),(4,'Paquete Digital 1-2-3 Física','12','','activo','2026-04-03 22:50:08'),(5,'Paquete Digital 1-2-3 Historia','14','','activo','2026-04-03 22:50:08'),(6,'Paquete Digital 1-2-3 Lengua','15','','activo','2026-04-03 22:50:08'),(7,'Paquete Digital 1-2-3 Matemática','16','','activo','2026-04-03 22:50:08'),(8,'Paquete Digital 1-2-3 Química','11','','activo','2026-04-03 22:50:08'),(9,'Paquete Digital 2 EGB','1','','activo','2026-04-03 22:50:08'),(10,'Paquete Digital 3 EGB','2','','activo','2026-04-03 22:50:08'),(11,'Paquete Digital 4 EGB','3','','activo','2026-04-03 22:50:08'),(12,'Paquete Digital 5 EGB','4','','activo','2026-04-03 22:50:08'),(13,'Paquete Digital 6 EGB','5','','activo','2026-04-03 22:50:08'),(14,'Paquete Digital 7 EGB','6','','activo','2026-04-03 22:50:08'),(15,'Paquete Digital 8-9-10 Ciencias','9','','activo','2026-04-03 22:50:08'),(16,'Paquete Digital 8-9-10 Lengua','8','','activo','2026-04-03 22:50:08'),(17,'Paquete Digital 8-9-10 Matemáticas','7','','activo','2026-04-03 22:50:08'),(18,'Paquete Digital 8-9-10 Sociales','10','','activo','2026-04-03 22:50:08'),(19,'Paquete Digital New Learning 1-7','19','','activo','2026-04-03 22:50:08'),(20,'Paquete Digital New Learning 8-10/1-3','20','','activo','2026-04-03 22:50:08'),(21,'Portafolio Digital Docente ECA 2-3-4-5-6-7 EGB','21','','activo','2026-04-03 22:50:08'),(22,'Portafolio Digital Docente ECA 8-9-10 EGB 1-2 BG','22','','activo','2026-04-03 22:50:08'),(23,'Portafolio Digital Docente Iniciales y Preparatoria','23','','activo','2026-04-03 22:50:08'),(24,'Problemas del Mundo Contemporáneo 3 BGU','31','','activo','2026-04-03 22:50:08'),(25,'Lengua y Literatura 1-2-3 BG Platinum','36','','activo','2026-04-03 22:57:11'),(26,'Lengua y Literatura 8-9-10 EGB Platinum','34','','activo','2026-04-03 22:57:11'),(27,'Matemática 1-2-3 BG Platinum','35','','activo','2026-04-03 22:57:11'),(28,'Matemática 8-9-10 EGB Platinum','33','','activo','2026-04-03 22:57:11'),(29,'Biología 1-2-3 BG Premium','37','','activo','2026-04-03 23:02:40'),(30,'Ciencias Naturales 8-9-10 EGB Premium','38','','activo','2026-04-03 23:02:40');

--
-- Table structure for table `eva_mentor_solicitudes`
--

CREATE TABLE `eva_mentor_solicitudes` (
  `id` int(11) NOT NULL AUTO_INCREMENT,
  `user_id` int(11) NOT NULL,
  `fecha_venta` date DEFAULT NULL,
  `nombres` varchar(255) DEFAULT NULL,
  `identificacion` varchar(50) DEFAULT NULL,
  `email` varchar(255) DEFAULT NULL,
  `provincia` varchar(255) DEFAULT NULL,
  `ciudad` varchar(255) DEFAULT NULL,
  `direccion` text DEFAULT NULL,
  `telefono` varchar(50) DEFAULT NULL,
  `institucion_educativa` varchar(255) DEFAULT NULL,
  `comprobante_deposito` varchar(255) DEFAULT NULL,
  `numero_factura` varchar(255) DEFAULT NULL,
  `paquete_id` varchar(255) DEFAULT NULL,
  `libros_ids` text DEFAULT NULL,
  `moodle_user_id` int(11) DEFAULT NULL,
  `moodle_username` varchar(255) DEFAULT NULL,
  `estado` enum('pendiente','procesado','error') DEFAULT 'pendiente',
  `mensaje_error` text DEFAULT NULL,
  `created_at` timestamp NOT NULL DEFAULT current_timestamp(),
  PRIMARY KEY (`id`)
) ENGINE=InnoDB AUTO_INCREMENT=10 DEFAULT CHARSET=utf8mb4 COLLATE=utf8mb4_general_ci;

--
-- Dumping data for table `eva_mentor_solicitudes`
--

INSERT INTO `eva_mentor_solicitudes` VALUES (9,3,'2026-04-06','MIRIAN AMPARO ENRIQUEZ MACHADO','0602560161','mirian.enriquez@docentes.educacion.edu.ec','Chimborazo','Riobamba','','','Unidad Educativa San Pablo','','','26','',NULL,'0602560161','procesado',NULL,'2026-04-06 21:03:48');

--
-- Table structure for table `grados`
--

CREATE TABLE `grados` (
  `id` int(11) NOT NULL AUTO_INCREMENT,
  `nombre` varchar(50) NOT NULL,
  `codigo_sync` varchar(50) DEFAULT NULL,
  `estado` varchar(20) DEFAULT 'activo',
  PRIMARY KEY (`id`)
) ENGINE=InnoDB AUTO_INCREMENT=16 DEFAULT CHARSET=utf8mb4 COLLATE=utf8mb4_general_ci;

--
-- Dumping data for table `grados`
--

INSERT INTO `grados` VALUES (1,'Inicial 1','22','activo'),(2,'Inicial 2','23','activo'),(3,'1 EGB','15','activo'),(4,'2 EGB','2','activo'),(5,'3 EGB','3','activo'),(6,'4 EGB','4','activo'),(7,'5 EGB','5','activo'),(8,'6 EGB','6','activo'),(9,'7 EGB','7','activo'),(10,'8 EGB','16','activo'),(11,'9 EGB','17','activo'),(12,'10 EGB','18','activo'),(13,'1 BGU','19','activo'),(14,'2 BGU','20','activo'),(15,'3 BGU','21','activo');

--
-- Table structure for table `libros`
--

CREATE TABLE `libros` (
  `id` int(11) NOT NULL AUTO_INCREMENT,
  `nombre` varchar(150) NOT NULL,
  `serie_id` int(11) DEFAULT NULL,
  `grado_id` int(11) DEFAULT NULL,
  `url_mbz` varchar(500) NOT NULL,
  `estado` enum('activo','inactivo') DEFAULT 'activo',
  `id_curso_moodle` int(11) DEFAULT NULL,
  PRIMARY KEY (`id`),
  KEY `serie_id` (`serie_id`),
  KEY `grado_id` (`grado_id`),
  CONSTRAINT `libros_ibfk_1` FOREIGN KEY (`serie_id`) REFERENCES `series` (`id`),
  CONSTRAINT `libros_ibfk_2` FOREIGN KEY (`grado_id`) REFERENCES `grados` (`id`)
) ENGINE=InnoDB AUTO_INCREMENT=304 DEFAULT CHARSET=utf8mb4 COLLATE=utf8mb4_general_ci;

--
-- Dumping data for table `libros`
--

INSERT INTO `libros` VALUES (1,'Caracolitos',4,1,'https://repo.mayaeducacion.com/egb/1pre/ini1_can.mbz','activo',84),(2,'Caracolitos',4,2,'https://repo.mayaeducacion.com/egb/1pre/ini2_can.mbz','activo',86),(3,'Ciencias Naturales 2',1,4,'https://repo.mayaeducacion.com/egb/cie+/cie02+.mbz','activo',148),(4,'Ciencias Naturales 3',1,5,'https://repo.mayaeducacion.com/egb/cie+/cie03+.mbz','activo',116),(5,'Ciencias Naturales 4',1,6,'https://repo.mayaeducacion.com/egb/cie+/cie04+.mbz','activo',181),(6,'Ciencias Naturales 5',1,7,'https://repo.mayaeducacion.com/egb/cie+/cie05+.mbz','activo',201),(7,'Ciencias Naturales 6',1,8,'https://repo.mayaeducacion.com/egb/cie+/cie06+.mbz','activo',219),(8,'Ciencias Naturales 7',1,9,'https://repo.mayaeducacion.com/egb/cie+/cie07+.mbz','activo',239),(10,'Ciencias Naturales 8',1,10,'https://repo.mayaeducacion.com/egb/cie+/cie08+.mbz','activo',134),(11,'Ciencias Naturales 9',1,11,'https://repo.mayaeducacion.com/egb/cie+/cie09+.mbz','activo',246),(12,'Ciencias Naturales 10',1,12,'https://repo.mayaeducacion.com/egb/cie+/cie10+.mbz','activo',269),(13,'Ciencias Naturales 2',2,4,'https://repo.mayaeducacion.com/siembra/cie/cie2.mbz','activo',26),(14,'Ciencias Naturales 3',2,5,'https://repo.mayaeducacion.com/siembra/cie/cie3.mbz','activo',29),(15,'Ciencias Naturales 4',2,6,'https://repo.mayaeducacion.com/siembra/cie/cie4.mbz','activo',31),(16,'Ciencias Naturales 5',2,7,'https://repo.mayaeducacion.com/siembra/cie/cie5.mbz','activo',38),(17,'Ciencias Naturales 6',2,8,'https://repo.mayaeducacion.com/siembra/cie/cie6.mbz','activo',41),(18,'Ciencias Naturales 7',2,9,'https://repo.mayaeducacion.com/siembra/cie/cie7.mbz','activo',45),(19,'Ciencias Naturales 8',2,10,'https://repo.mayaeducacion.com/siembra/cie/cie8.mbz','activo',47),(20,'Ciencias Naturales 9',2,11,'https://repo.mayaeducacion.com/siembra/cie/cie9.mbz','activo',52),(21,'Ciencias Naturales 10',2,12,'https://repo.mayaeducacion.com/siembra/cie/cie10.mbz','activo',56),(22,'Química 1',3,13,'https://repo.mayaeducacion.com/cultiva/bgu/QUI01.mbz','activo',293),(23,'Química 2',3,14,'https://repo.mayaeducacion.com/cultiva/bgu/QUI02.mbz','activo',295),(24,'Química 3',3,15,'https://repo.mayaeducacion.com/cultiva/bgu/QUI03.mbz','activo',305),(25,'Biología 1',3,13,'https://repo.mayaeducacion.com/cultiva/bgu/BIO01.mbz','activo',296),(26,'Biología 2',3,14,'https://repo.mayaeducacion.com/cultiva/bgu/BIO02.mbz','activo',303),(27,'Biología 3',3,15,'https://repo.mayaeducacion.com/cultiva/bgu/BIO03.mbz','activo',453),(28,'Lengua y Literatura 2',1,4,'https://repo.mayaeducacion.com/egb/len+/len02+.mbz','activo',153),(29,'Lengua y Literatura 3',1,5,'https://repo.mayaeducacion.com/egb/len+/len03+.mbz','activo',109),(30,'Lengua y Literatura 4',1,6,'https://repo.mayaeducacion.com/egb/len+/len04+.mbz','activo',185),(31,'Lengua y Literatura 5',1,7,'https://repo.mayaeducacion.com/egb/len+/len05+.mbz','activo',203),(32,'Lengua y Literatura 6',1,8,'https://repo.mayaeducacion.com/egb/len+/len06+.mbz','activo',221),(33,'Lengua y Literatura 7',1,9,'https://repo.mayaeducacion.com/egb/len+/len07+.mbz','activo',234),(34,'Lengua y Literatura 8',1,10,'https://repo.mayaeducacion.com/egb/len+/len08+.mbz','activo',136),(35,'Lengua y Literatura 9',1,11,'https://repo.mayaeducacion.com/egb/len+/len09+.mbz','activo',256),(36,'Lengua y Literatura 10',1,12,'https://repo.mayaeducacion.com/egb/len+/len10+.mbz','activo',271),(37,'Estudios Sociales 2',1,4,'https://repo.mayaeducacion.com/egb/soc+/soc02+.mbz','activo',149),(38,'Estudios Sociales 3',1,5,'https://repo.mayaeducacion.com/egb/soc+/soc03+.mbz','activo',110),(39,'Estudios Sociales 4',1,6,'https://repo.mayaeducacion.com/egb/soc+/soc04+.mbz','activo',186),(40,'Estudios Sociales 5',1,7,'https://repo.mayaeducacion.com/egb/soc+/soc05+.mbz','activo',204),(41,'Estudios Sociales 6',1,8,'https://repo.mayaeducacion.com/egb/soc+/soc06+.mbz','activo',225),(42,'Estudios Sociales 7',1,9,'https://repo.mayaeducacion.com/egb/soc+/soc07+.mbz','activo',240),(43,'Estudios Sociales 8',1,10,'https://repo.mayaeducacion.com/egb/soc+/soc08+.mbz','activo',133),(44,'Estudios Sociales 9',1,11,'https://repo.mayaeducacion.com/egb/soc+/soc09+.mbz','activo',253),(45,'Estudios Sociales 10',1,12,'https://repo.mayaeducacion.com/egb/soc+/soc10+.mbz','activo',268),(46,'Matemáticas 2',1,4,'https://repo.mayaeducacion.com/egb/mat+/mat02+.mbz','activo',150),(47,'Matemáticas 3',1,5,'https://repo.mayaeducacion.com/egb/mat+/mat03+.mbz','activo',114),(48,'Matemáticas 4',1,6,'https://repo.mayaeducacion.com/egb/mat+/mat04+.mbz','activo',182),(49,'Matemáticas 5',1,7,'https://repo.mayaeducacion.com/egb/mat+/mat05+.mbz','activo',200),(50,'Matemáticas 6',1,8,'https://repo.mayaeducacion.com/egb/mat+/mat06+.mbz','activo',218),(51,'Matemáticas 7',1,9,'https://repo.mayaeducacion.com/egb/mat+/mat07+.mbz','activo',235),(52,'Matemáticas 8',1,10,'https://repo.mayaeducacion.com/egb/mat+/mat08+.mbz','activo',131),(53,'Matemáticas 9',1,11,'https://repo.mayaeducacion.com/egb/mat+/mat09+.mbz','activo',257),(54,'Matemáticas 10',1,12,'https://repo.mayaeducacion.com/egb/mat+/mat10+.mbz','activo',266),(55,'Lengua y Literatura 2',2,4,'https://repo.mayaeducacion.com/siembra/len/len2.mbz','activo',24),(56,'Lengua y Literatura 3',2,5,'https://repo.mayaeducacion.com/siembra/len/len3.mbz','activo',27),(57,'Lengua y Literatura 4',2,6,'https://repo.mayaeducacion.com/siembra/len/len4.mbz','activo',32),(58,'Lengua y Literatura 5',2,7,'https://repo.mayaeducacion.com/siembra/len/len5.mbz','activo',36),(59,'Lengua y Literatura 6',2,8,'https://repo.mayaeducacion.com/siembra/len/len6.mbz','activo',39),(60,'Lengua y Literatura 7',2,9,'https://repo.mayaeducacion.com/siembra/len/len7.mbz','activo',43),(61,'Lengua y Literatura 8',2,10,'https://repo.mayaeducacion.com/siembra/len/len8.mbz','activo',58),(62,'Lengua y Literatura 9',2,11,'https://repo.mayaeducacion.com/siembra/len/len9.mbz','activo',51),(63,'Lengua y Literatura 10',2,12,'https://repo.mayaeducacion.com/siembra/len/len10.mbz','activo',55),(64,'Matemáticas 2',2,4,'https://repo.mayaeducacion.com/siembra/mat/mat2.mbz','activo',23),(65,'Matemáticas 3',2,5,'https://repo.mayaeducacion.com/siembra/mat/mat3.mbz','activo',28),(66,'Matemáticas 4',2,6,'https://repo.mayaeducacion.com/siembra/mat/mat4.mbz','activo',33),(67,'Matemáticas 5',2,7,'https://repo.mayaeducacion.com/siembra/mat/mat5.mbz','activo',35),(68,'Matemáticas 6',2,8,'https://repo.mayaeducacion.com/siembra/mat/mat6.mbz','activo',40),(69,'Matemáticas 7',2,9,'https://repo.mayaeducacion.com/siembra/mat/mat7.mbz','activo',44),(70,'Matemáticas 8',2,10,'https://repo.mayaeducacion.com/siembra/mat/mat8.mbz','activo',48),(71,'Matemáticas 9',2,11,'https://repo.mayaeducacion.com/siembra/mat/mat9.mbz','activo',50),(72,'Matemáticas 10',2,12,'https://repo.mayaeducacion.com/siembra/mat/mat10.mbz','activo',54),(73,'Estudios Sociales 2',2,4,'https://repo.mayaeducacion.com/siembra/soc/soc2.mbz','activo',25),(74,'Estudios Sociales 3',2,5,'https://repo.mayaeducacion.com/siembra/soc/soc3.mbz','activo',30),(75,'Estudios Sociales 4',2,6,'https://repo.mayaeducacion.com/siembra/soc/soc4.mbz','activo',34),(76,'Estudios Sociales 5',2,7,'https://repo.mayaeducacion.com/siembra/soc/soc5.mbz','activo',37),(77,'Estudios Sociales 6',2,8,'https://repo.mayaeducacion.com/siembra/soc/soc6.mbz','activo',41),(78,'Estudios Sociales 7',2,9,'https://repo.mayaeducacion.com/siembra/soc/soc7.mbz','activo',46),(79,'Estudios Sociales 8',2,10,'https://repo.mayaeducacion.com/siembra/soc/soc8.mbz','activo',49),(80,'Estudios Sociales 9',2,11,'https://repo.mayaeducacion.com/siembra/soc/soc9.mbz','activo',53),(81,'Estudios Sociales 10',2,12,'https://repo.mayaeducacion.com/siembra/soc/soc10.mbz','activo',57),(82,'Lengua y Literatura 2',3,4,'https://repo.mayaeducacion.com/cultiva/egb/LEN02.mbz','activo',60),(83,'Lengua y Literatura 3',3,5,'https://repo.mayaeducacion.com/cultiva/egb/LEN03.mbz','activo',62),(84,'Lengua y Literatura 4',3,6,'https://repo.mayaeducacion.com/cultiva/egb/LEN04.mbz','activo',64),(85,'Lengua y Literatura 5',3,7,'https://repo.mayaeducacion.com/cultiva/egb/LEN05.mbz','activo',66),(86,'Lengua y Literatura 6',3,8,'https://repo.mayaeducacion.com/cultiva/egb/LEN06.mbz','activo',68),(87,'Lengua y Literatura 7',3,9,'https://repo.mayaeducacion.com/cultiva/egb/LEN07.mbz','activo',70),(88,'Lengua y Literatura 8',3,10,'https://repo.mayaeducacion.com/cultiva/egb/LEN08.mbz','activo',72),(89,'Lengua y Literatura 9',3,11,'https://repo.mayaeducacion.com/cultiva/egb/LEN09.mbz','activo',76),(90,'Lengua y Literatura 10',3,12,'https://repo.mayaeducacion.com/cultiva/egb/LEN10.mbz','activo',80),(91,'Matemáticas 2',3,4,'https://repo.mayaeducacion.com/cultiva/egb/MAT02.mbz','activo',59),(92,'Matemáticas 3',3,5,'https://repo.mayaeducacion.com/cultiva/egb/MAT03.mbz','activo',61),(93,'Matemáticas 4',3,6,'https://repo.mayaeducacion.com/cultiva/egb/MAT04.mbz','activo',63),(94,'Matemáticas 5',3,7,'https://repo.mayaeducacion.com/cultiva/egb/MAT05.mbz','activo',65),(95,'Matemáticas 6',3,8,'https://repo.mayaeducacion.com/cultiva/egb/MAT06.mbz','activo',67),(96,'Matemáticas 7',3,9,'https://repo.mayaeducacion.com/cultiva/egb/MAT07.mbz','activo',69),(97,'Matemáticas 8',3,10,'https://repo.mayaeducacion.com/cultiva/egb/MAT08.mbz','activo',71),(98,'Matemáticas 9',3,11,'https://repo.mayaeducacion.com/cultiva/egb/MAT09.mbz','activo',75),(99,'Matemáticas 10',3,12,'https://repo.mayaeducacion.com/cultiva/egb/MAT10.mbz','activo',79),(100,'Estudios Sociales 2',3,4,'https://repo.mayaeducacion.com/cultiva/egb/SOC02.mbz','activo',535),(101,'Estudios Sociales 3',3,5,'https://repo.mayaeducacion.com/cultiva/egb/SOC03.mbz','activo',539),(102,'Estudios Sociales 4',3,6,'https://repo.mayaeducacion.com/cultiva/egb/SOC04.mbz','activo',538),(103,'Estudios Sociales 5',3,7,'https://repo.mayaeducacion.com/cultiva/egb/SOC05.mbz','activo',540),(104,'Estudios Sociales 6',3,8,'https://repo.mayaeducacion.com/cultiva/egb/SOC06.mbz','activo',536),(105,'Estudios Sociales 7',3,9,'https://repo.mayaeducacion.com/cultiva/egb/SOC07.mbz','activo',537),(106,'Estudios Sociales 8',3,10,'https://repo.mayaeducacion.com/cultiva/egb/SOC08.mbz','activo',74),(107,'Estudios Sociales 9',3,11,'https://repo.mayaeducacion.com/cultiva/egb/SOC09.mbz','activo',78),(108,'Estudios Sociales 10',3,12,'https://repo.mayaeducacion.com/cultiva/egb/SOC10.mbz','activo',82),(109,'Lengua y Literatura 1',3,13,'https://repo.mayaeducacion.com/cultiva/bgu/LEN01.mbz','activo',301),(110,'Lengua y Literatura 2',3,14,'https://repo.mayaeducacion.com/cultiva/bgu/LEN02.mbz','activo',302),(111,'Lengua y Literatura 3',3,15,'https://repo.mayaeducacion.com/cultiva/bgu/LEN03.mbz','activo',304),(112,'Historia 1',3,13,'https://repo.mayaeducacion.com/cultiva/bgu/HIS01.mbz','activo',294),(113,'Historia 2',3,14,'https://repo.mayaeducacion.com/cultiva/bgu/HIS02.mbz','activo',300),(114,'Historia 3',3,15,'https://repo.mayaeducacion.com/cultiva/bgu/HIS03.mbz','activo',456),(115,'Física 1',3,13,'https://repo.mayaeducacion.com/cultiva/bgu/FIS01.mbz','activo',297),(116,'Física 2',3,14,'https://repo.mayaeducacion.com/cultiva/bgu/FIS02.mbz','activo',298),(117,'Física 3',3,15,'https://repo.mayaeducacion.com/cultiva/bgu/FIS03.mbz','activo',455),(118,'Matemáticas 1',3,13,'https://repo.mayaeducacion.com/cultiva/bgu/MAT01.mbz','activo',299),(119,'Matemáticas 2',3,14,'https://repo.mayaeducacion.com/cultiva/bgu/MAT02.mbz','activo',452),(120,'Matemáticas 3',3,15,'https://repo.mayaeducacion.com/cultiva/bgu/MAT03.mbz','activo',479),(121,'Emprendimiento y Gestión 1',1,13,'https://repo.mayaeducacion.com/bgu/emp+/emp1+.mbz','activo',314),(122,'Emprendimiento y Gestión 2',1,14,'https://repo.mayaeducacion.com/bgu/emp+/emp2+.mbz','activo',336),(123,'Emprendimiento y Gestión 3',1,15,'https://repo.mayaeducacion.com/bgu/emp+/emp3+.mbz','activo',352),(124,'Educación para la Ciudadanía 1',1,13,'https://repo.mayaeducacion.com/bgu/ciu+/ciu1+.mbz','activo',329),(125,'Educación para la Ciudadanía 2',1,14,'https://repo.mayaeducacion.com/bgu/ciu+/ciu2+.mbz','activo',359),(126,'Filosofía 1',1,13,'https://repo.mayaeducacion.com/bgu/fil+/fil1+.mbz','activo',324),(127,'Filosofía 2',1,14,'https://repo.mayaeducacion.com/bgu/fil+/fil2+.mbz','activo',349),(128,'Biología 1',1,13,'https://repo.mayaeducacion.com/bgu/bio+/bio1+.mbz','activo',310),(129,'Biología 2',1,14,'https://repo.mayaeducacion.com/bgu/bio+/bio2+.mbz','activo',323),(130,'Biología 3',1,15,'https://repo.mayaeducacion.com/bgu/bio+/bio3+.mbz','activo',348),(131,'Física 1',1,13,'https://repo.mayaeducacion.com/bgu/fis+/fis1+.mbz','activo',312),(132,'Física 2',1,14,'https://repo.mayaeducacion.com/bgu/fis+/fis2+.mbz','activo',327),(133,'Física 3',1,15,'https://repo.mayaeducacion.com/bgu/fis+/fis3+.mbz','activo',353),(134,'Química 1',1,13,'https://repo.mayaeducacion.com/bgu/qui+/qui1+.mbz','activo',313),(135,'Química 2',1,14,'https://repo.mayaeducacion.com/bgu/qui+/qui2+.mbz','activo',328),(136,'Química 3',1,15,'https://repo.mayaeducacion.com/bgu/qui+/qui3+.mbz','activo',345),(137,'Matemáticas 1',1,13,'https://repo.mayaeducacion.com/bgu/mat+/mat1+.mbz','activo',326),(138,'Matemáticas 2',1,14,'https://repo.mayaeducacion.com/bgu/mat+/mat2+.mbz','activo',351),(139,'Matemáticas 3',1,15,'https://repo.mayaeducacion.com/bgu/mat+/mat3+.mbz','activo',350),(140,'Lengua y Literatura 1',1,13,'https://repo.mayaeducacion.com/bgu/len+/len1+.mbz','activo',316),(141,'Lengua y Literatura 2',1,14,'https://repo.mayaeducacion.com/bgu/len+/len2+.mbz','activo',331),(142,'Lengua y Literatura 3',1,15,'https://repo.mayaeducacion.com/bgu/len+/len3+.mbz','activo',355),(143,'Historia 1',1,13,'https://repo.mayaeducacion.com/bgu/his+/his1+.mbz','activo',318),(144,'Historia 2',1,14,'https://repo.mayaeducacion.com/bgu/his+/his2+.mbz','activo',346),(145,'Historia 3',1,15,'https://repo.mayaeducacion.com/bgu/his+/his3+.mbz','activo',335),(146,'Investigación Ciencia y Tecnología',5,15,'https://repo.mayaeducacion.com/bgu/inv/inv.mbz','activo',337),(147,'Anatomía',5,15,'https://repo.mayaeducacion.com/bgu/ana/ana.mbz','activo',341),(148,'Psicología',5,15,'https://repo.mayaeducacion.com/bgu/psi.mbz','activo',342),(149,'Cívica',5,15,'https://repo.mayaeducacion.com/siembra/bgu/03/civica.mbz','activo',357),(150,'Sociología',5,15,'https://repo.mayaeducacion.com/bgu/soc/soc.mbz','activo',339),(151,'Problemas del Mundo Contemporáneo',5,15,'https://repo.mayaeducacion.com/bgu/pmc.mbz','activo',338),(152,'Números Complejos',5,15,'https://repo.mayaeducacion.com/bgu/comp.mbz','activo',334),(153,'Cuadernos de Química 1',5,13,'https://repo.mayaeducacion.com/bgu/qui+/cua1.mbz','activo',307),(154,'Cuadernos de Química 2',5,14,'https://repo.mayaeducacion.com/bgu/qui+/cua2.mbz','activo',319),(155,'Cuadernos de Química 3',5,15,'https://repo.mayaeducacion.com/bgu/qui+/cua3.mbz','activo',340),(156,'Educación Cultural y Artística 1',1,3,'https://repo.mayaeducacion.com/comp/eca/eca01.mbz','activo',89),(157,'Educación Cultural y Artística 2',1,4,'https://repo.mayaeducacion.com/comp/eca/eca02.mbz','activo',141),(158,'Educación Cultural y Artística 3',1,5,'https://repo.mayaeducacion.com/comp/eca/eca03.mbz','activo',289),(159,'Educación Cultural y Artística 4',1,6,'https://repo.mayaeducacion.com/comp/eca/eca04.mbz','activo',174),(160,'Educación Cultural y Artística 5',1,7,'https://repo.mayaeducacion.com/comp/eca/eca05.mbz','activo',192),(161,'Educación Cultural y Artística 6',1,8,'https://repo.mayaeducacion.com/comp/eca/eca06.mbz','activo',208),(162,'Educación Cultural y Artística 7',1,9,'https://repo.mayaeducacion.com/comp/eca/eca07.mbz','activo',224),(163,'Educación Cultural y Artística 8',1,10,'https://repo.mayaeducacion.com/comp/eca/eca08.mbz','activo',124),(164,'Educación Cultural y Artística 9',1,11,'https://repo.mayaeducacion.com/comp/eca/eca09.mbz','activo',251),(165,'Educación Cultural y Artística 10',1,12,'https://repo.mayaeducacion.com/comp/eca/eca10.mbz','activo',292),(166,'Educación Cultural y Artística 1',4,3,'https://repo.mayaeducacion.com/comp/can/can01.mbz','activo',99),(167,'Educación Cultural y Artística 2',4,4,'https://repo.mayaeducacion.com/comp/can/can02.mbz','activo',151),(168,'Educación Cultural y Artística 3',4,5,'https://repo.mayaeducacion.com/comp/can/can03.mbz','activo',115),(169,'Educación Cultural y Artística 4',4,6,'https://repo.mayaeducacion.com/comp/can/can04.mbz','activo',183),(170,'Educación Cultural y Artística 5',4,7,'https://repo.mayaeducacion.com/comp/can/can05.mbz','activo',199),(171,'Educación Cultural y Artística 6',4,8,'https://repo.mayaeducacion.com/comp/can/can06.mbz','activo',217),(172,'Educación Cultural y Artística 7',4,9,'https://repo.mayaeducacion.com/comp/can/can07.mbz','activo',232),(173,'Educación Cultural y Artística 8',4,10,'https://repo.mayaeducacion.com/comp/can/can08.mbz','activo',132),(174,'Educación Cultural y Artística 9',4,11,'https://repo.mayaeducacion.com/comp/can/can09.mbz','activo',252),(175,'Educación Cultural y Artística 10',4,12,'https://repo.mayaeducacion.com/comp/can/can10.mbz','activo',267),(176,'Caracolitos 1',1,1,'https://repo.mayaeducacion.com/egb/ini1/ini1.mbz','activo',83),(177,'Ciencias Naturales 2',3,4,'https://repo.mayaeducacion.com/cultiva/egb/CIE02.mbz','activo',541),(178,'Ciencias Naturales 3',3,5,'https://repo.mayaeducacion.com/cultiva/egb/CIE03.mbz','activo',542),(179,'Ciencias Naturales 4',3,6,'https://repo.mayaeducacion.com/cultiva/egb/CIE04.mbz','activo',543),(180,'Ciencias Naturales 5',3,7,'https://repo.mayaeducacion.com/cultiva/egb/CIE05.mbz','activo',547),(181,'Ciencias Naturales 6',3,8,'https://repo.mayaeducacion.com/cultiva/egb/CIE06.mbz','activo',545),(182,'Ciencias Naturales 7',3,9,'https://repo.mayaeducacion.com/cultiva/egb/CIE07.mbz','activo',546),(183,'Ciencias Naturales 8',3,10,'https://repo.mayaeducacion.com/cultiva/egb/CIE08.mbz','activo',73),(184,'Ciencias Naturales 9',3,11,'https://repo.mayaeducacion.com/cultiva/egb/CIE09.mbz','activo',77),(185,'Ciencias Naturales 10',3,12,'https://repo.mayaeducacion.com/cultiva/egb/CIE10.mbz','activo',81),(186,'Gotitas de Miel 1',4,3,'https://repo.mayaeducacion.com/comp/got/got01.mbz','activo',95),(187,'Gotitas de Miel 2',4,4,'https://repo.mayaeducacion.com/comp/got/got02.mbz','activo',142),(188,'Gotitas de Miel 3',4,5,'https://repo.mayaeducacion.com/comp/got/got03.mbz','activo',120),(189,'Gotitas de Miel 4',4,6,'https://repo.mayaeducacion.com/comp/got/got04.mbz','activo',175),(190,'Gotitas de Miel 5',4,7,'https://repo.mayaeducacion.com/comp/got/got05.mbz','activo',193),(191,'Gotitas de Miel 6',4,8,'https://repo.mayaeducacion.com/comp/got/got06.mbz','activo',211),(192,'Gotitas de Miel 7',4,4,'https://repo.mayaeducacion.com/comp/got/got07.mbz','activo',226),(193,'Festival de la Lectura 1 EGB',4,3,'https://repo.mayaeducacion.com/comp/fes/fes01.mbz','activo',96),(194,'Festival de la Lectura 2 EGB',4,4,'https://repo.mayaeducacion.com/comp/fes/fes02.mbz','activo',143),(195,'Festival de la Lectura 3 EGB',4,5,'https://repo.mayaeducacion.com/comp/fes/fes03.mbz','activo',119),(196,'Festival de la Lectura 4 EGB',4,6,'https://repo.mayaeducacion.com/comp/fes/fes04.mbz','activo',176),(197,'Festival de la Lectura 5 EGB',4,7,'https://repo.mayaeducacion.com/comp/fes/fes05.mbz','activo',194),(198,'Festival de la Lectura 6 EGB',4,8,'https://repo.mayaeducacion.com/comp/fes/fes06.mbz','activo',212),(199,'Festival de la Lectura 7 EGB',4,9,'https://repo.mayaeducacion.com/comp/fes/fes07.mbz','activo',227),(200,'Festival de la Lectura 8 EGB',4,10,'https://repo.mayaeducacion.com/comp/fes/fes08.mbz','activo',127),(201,'Festival de la Lectura 9 EGB',4,11,'https://repo.mayaeducacion.com/comp/fes/fes09.mbz','activo',254),(202,'Festival de la Lectura 10 EGB',4,12,'https://repo.mayaeducacion.com/comp/fes/fes10.mbz','activo',260),(203,'Festival de la Lectura 1 BGU',4,13,'https://repo.mayaeducacion.com/comp/fes/fes11.mbz','activo',308),(204,'Festival de la Lectura 2 BGU',4,14,'https://repo.mayaeducacion.com/comp/fes/fes12.mbz','activo',321),(205,'Festival de la Lectura 3 BGU',4,15,'https://repo.mayaeducacion.com/comp/fes/fes13.mbz','activo',343),(206,'Kerigma 2',4,4,'https://repo.mayaeducacion.com/comp/ker/ker02.mbz','activo',152),(207,'Kerigma 3',4,5,'https://repo.mayaeducacion.com/comp/ker/ker03.mbz','activo',108),(208,'Kerigma 4',4,6,'https://repo.mayaeducacion.com/comp/ker/ker04.mbz','activo',184),(209,'Kerigma 5',4,7,'https://repo.mayaeducacion.com/comp/ker/ker05.mbz','activo',202),(210,'Kerigma 6',4,8,'https://repo.mayaeducacion.com/comp/ker/ker06.mbz','activo',220),(211,'Kerigma 7',4,9,'https://repo.mayaeducacion.com/comp/ker/ker07.mbz','activo',233),(212,'Kerigma 8',4,10,'https://repo.mayaeducacion.com/comp/ker/ker08.mbz','activo',135),(213,'Kerigma 9',4,11,'https://repo.mayaeducacion.com/comp/ker/ker09.mbz','activo',122),(214,'Kerigma 10',4,12,'https://repo.mayaeducacion.com/comp/ker/ker10.mbz','activo',270),(215,'Baúl de Palabras 2',5,4,'https://repo.mayaeducacion.com/comp/pal/pal02.mbz','activo',146),(216,'Baúl de Palabras 3',5,5,'https://repo.mayaeducacion.com/comp/pal/pal03.mbz','activo',104),(217,'Baúl de Palabras 4',5,6,'https://repo.mayaeducacion.com/comp/pal/pal04.mbz','activo',179),(218,'Baúl de Palabras 5',5,7,'https://repo.mayaeducacion.com/comp/pal/pal05.mbz','activo',197),(219,'Baúl de Palabras 6',5,8,'https://repo.mayaeducacion.com/comp/pal/pal06.mbz','activo',215),(220,'Baúl de Palabras 7',5,9,'https://repo.mayaeducacion.com/comp/pal/pal07.mbz','activo',230),(221,'Baúl de Palabras 8',5,10,'https://repo.mayaeducacion.com/comp/pal/pal08.mbz','activo',130),(222,'Baúl de Palabras 9',5,11,'https://repo.mayaeducacion.com/comp/pal/pal09.mbz','activo',244),(223,'Baúl de Palabras 10',5,12,'https://repo.mayaeducacion.com/comp/pal/pal10.mbz','activo',263),(224,'Baúl de Palabras 01 BGU',5,13,'https://repo.mayaeducacion.com/comp/pal/pal11.mbz','activo',361),(225,'Baúl de Palabras 02 BGU',5,14,'https://repo.mayaeducacion.com/comp/pal/pal12.mbz','activo',320),(226,'Baúl de Palabras 03 BGU',5,15,'https://repo.mayaeducacion.com/comp/pal/pal13.mbz','activo',333),(227,'Baúl del Escritor 2',5,4,'https://repo.mayaeducacion.com/comp/esc/esc02.mbz','activo',145),(228,'Baúl del Escritor 3',5,5,'https://repo.mayaeducacion.com/comp/esc/esc03.mbz','activo',103),(229,'Baúl del Escritor 4',5,6,'https://repo.mayaeducacion.com/comp/esc/esc04.mbz','activo',178),(230,'Baúl del Escritor 5',5,7,'https://repo.mayaeducacion.com/comp/esc/esc05.mbz','activo',196),(231,'Baúl del Escritor 6',5,8,'https://repo.mayaeducacion.com/comp/esc/esc06.mbz','activo',214),(232,'Baúl del Escritor 7',5,9,'https://repo.mayaeducacion.com/comp/esc/esc07.mbz','activo',229),(233,'Baúl del Escritor 8',5,10,'https://repo.mayaeducacion.com/comp/esc/esc08.mbz','activo',129),(234,'Baúl del Escritor 9',5,11,'https://repo.mayaeducacion.com/comp/esc/esc09.mbz','activo',245),(235,'Baúl del Escritor 10',5,12,'https://repo.mayaeducacion.com/comp/esc/esc10.mbz','activo',262),(236,'New Learning 1',5,3,'https://repo.mayaeducacion.com/comp/new/new01.mbz','activo',88),(237,'New Learning Plus 2',5,4,'https://repo.mayaeducacion.com/comp/new/new02.mbz','activo',154),(238,'New Learning Plus 3',5,5,'https://repo.mayaeducacion.com/comp/new/new03.mbz','activo',111),(239,'New Learning Plus 4',5,6,'https://repo.mayaeducacion.com/comp/new/new04.mbz','activo',187),(240,'New Learning Plus 5',5,7,'https://repo.mayaeducacion.com/comp/new/new05.mbz','activo',205),(241,'New Learning Plus 6',5,8,'https://repo.mayaeducacion.com/comp/new/new06.mbz','activo',236),(242,'New Learning Plus 7',5,9,'https://repo.mayaeducacion.com/comp/new/new07.mbz','activo',241),(243,'New Learning 8',5,10,'https://repo.mayaeducacion.com/comp/new/new08.mbz','activo',125),(244,'New Learning 9',5,11,'https://repo.mayaeducacion.com/comp/new/new09.mbz','activo',258),(245,'New Learning 10',5,12,'https://repo.mayaeducacion.com/comp/new/new10.mbz','activo',265),(246,'New Learning 1 BGU',5,13,'https://repo.mayaeducacion.com/comp/new/new11.mbz','activo',309),(247,'New Learning 2 BGU',5,14,'https://repo.mayaeducacion.com/comp/new/new12.mbz','activo',322),(248,'New Learning 3 BGU',5,15,'https://repo.mayaeducacion.com/comp/new/new13.mbz','activo',344),(249,'Desarrollo del Pensamiento 1',4,3,'https://repo.mayaeducacion.com/comp/pen/pen01.mbz','activo',91),(250,'Desarrollo del Pensamiento 2',4,4,'https://repo.mayaeducacion.com/comp/pen/pen02.mbz','activo',140),(251,'Desarrollo del Pensamiento 3',4,5,'https://repo.mayaeducacion.com/comp/pen/pen03.mbz','activo',118),(252,'Desarrollo del Pensamiento 4',4,6,'https://repo.mayaeducacion.com/comp/pen/pen04.mbz','activo',173),(253,'Desarrollo del Pensamiento 5',4,7,'https://repo.mayaeducacion.com/comp/pen/pen05.mbz','activo',191),(254,'Desarrollo del Pensamiento 6',4,8,'https://repo.mayaeducacion.com/comp/pen/pen06.mbz','activo',207),(255,'Desarrollo del Pensamiento 7',4,9,'https://repo.mayaeducacion.com/comp/pen/pen07.mbz','activo',223),(256,'Desarrollo del Pensamiento 8',4,10,'https://repo.mayaeducacion.com/comp/pen/pen08.mbz','activo',123),(257,'Desarrollo del Pensamiento 9',4,11,'https://repo.mayaeducacion.com/comp/pen/pen09.mbz','activo',248),(258,'Desarrollo del Pensamiento 10',4,12,'https://repo.mayaeducacion.com/comp/pen/pen10.mbz','activo',274),(259,'Desarrollo del Pensamiento Iniciales',4,2,'https://repo.mayaeducacion.com/comp/pen/pen00.mbz','activo',87),(260,'Pre Escritura',5,3,'https://repo.mayaeducacion.com/egb/1pre/1preesc.mbz','activo',92),(261,'Pre Matemáticas',5,3,'https://repo.mayaeducacion.com/egb/1pre/1premat.mbz','activo',93),(262,'Cuentos',5,3,'https://repo.mayaeducacion.com/egb/1pre/cuentos.mbz','activo',90),(263,'Talleres Musicales 1',4,3,'https://repo.mayaeducacion.com/comp/mus/mus1.mbz','activo',100),(264,'Talleres Musicales 2',4,4,'https://repo.mayaeducacion.com/comp/mus/mus2.mbz','activo',551),(265,'Talleres Musicales 3',4,5,'https://repo.mayaeducacion.com/comp/mus/mus3.mbz','activo',112),(266,'Talleres Musicales 4',4,6,'https://repo.mayaeducacion.com/comp/mus/mus4.mbz','activo',188),(267,'Talleres Musicales 5',4,7,'https://repo.mayaeducacion.com/comp/mus/mus5.mbz','activo',209),(268,'Talleres Musicales 6',4,8,'https://repo.mayaeducacion.com/comp/mus/mus6.mbz','activo',237),(269,'Talleres Musicales 7',4,9,'https://repo.mayaeducacion.com/comp/mus/mus7.mbz','activo',242),(270,'Talleres Musicales 8',4,10,'https://repo.mayaeducacion.com/comp/mus/mus8.mbz','activo',137),(271,'Talleres Musicales 9',4,11,'https://repo.mayaeducacion.com/comp/mus/mus9.mbz','activo',259),(272,'Talleres Musicales 10',4,12,'https://repo.mayaeducacion.com/comp/mus/mus10.mbz','activo',272),(273,'Computación 1',5,3,'https://repo.mayaeducacion.com/comp/comp/comp01.mbz','activo',97),(274,'Computación 2',5,4,'https://repo.mayaeducacion.com/comp/comp/comp02.mbz','activo',144),(275,'Computación 3',5,5,'https://repo.mayaeducacion.com/comp/comp/comp03.mbz','activo',102),(276,'Computación 4',5,6,'https://repo.mayaeducacion.com/comp/comp/comp04.mbz','activo',177),(277,'Computación 5',5,7,'https://repo.mayaeducacion.com/comp/comp/comp05.mbz','activo',195),(278,'Computación 6',5,8,'https://repo.mayaeducacion.com/comp/comp/comp06.mbz','activo',213),(279,'Computación 7',5,9,'https://repo.mayaeducacion.com/comp/comp/comp07.mbz','activo',228),(280,'Computación 8',5,10,'https://repo.mayaeducacion.com/comp/comp/comp08.mbz','activo',128),(281,'Computación 9',5,11,'https://repo.mayaeducacion.com/comp/comp/comp09.mbz','activo',247),(282,'Computación 10',5,12,'https://repo.mayaeducacion.com/comp/comp/comp10.mbz','activo',261),(283,'Desarrollo Humano Integral 2',5,4,'https://repo.mayaeducacion.com/comp/dhi/dhi02.mbz','activo',139),(284,'Desarrollo Humano Integral 3',5,5,'https://repo.mayaeducacion.com/comp/dhi/dhi03.mbz','activo',117),(285,'Desarrollo Humano Integral 4',5,6,'https://repo.mayaeducacion.com/comp/dhi/dhi04.mbz','activo',172),(286,'Desarrollo Humano Integral 5',5,7,'https://repo.mayaeducacion.com/comp/dhi/dhi05.mbz','activo',190),(287,'Desarrollo Humano Integral 6',5,8,'https://repo.mayaeducacion.com/comp/dhi/dhi06.mbz','activo',206),(288,'Desarrollo Humano Integral 7',5,9,'https://repo.mayaeducacion.com/comp/dhi/dhi07.mbz','activo',222),(289,'Desarrollo Humano Integral 8',5,10,'https://repo.mayaeducacion.com/comp/dhi/dhi08.mbz','activo',126),(290,'Desarrollo Humano Integral 9',5,11,'https://repo.mayaeducacion.com/comp/dhi/dhi09.mbz','activo',249),(291,'Desarrollo Humano Integral 10',5,12,'https://repo.mayaeducacion.com/comp/dhi/dhi10.mbz','activo',273),(292,'Cuadernos de Trabajo Matemáticas 2',4,4,'https://repo.mayaeducacion.com/comp/cuadernos/cua02.mbz','activo',502),(293,'Cuadernos de Trabajo Matemáticas 3',4,5,'https://repo.mayaeducacion.com/comp/cuadernos/cua03.mbz','activo',503),(294,'Cuadernos de Trabajo Matemáticas 4',4,6,'https://repo.mayaeducacion.com/comp/cuadernos/cua04.mbz','activo',504),(295,'Cuadernos de Trabajo Matemáticas 5',4,7,'https://repo.mayaeducacion.com/comp/cuadernos/cua05.mbz','activo',505),(296,'Cuadernos de Trabajo Matemáticas 6',4,8,'https://repo.mayaeducacion.com/comp/cuadernos/cua06.mbz','activo',506),(297,'Cuadernos de Trabajo Matemáticas 7',4,9,'https://repo.mayaeducacion.com/comp/cuadernos/cua07.mbz','activo',507),(298,'Cuadernos de Trabajo Matemáticas 8',4,10,'https://repo.mayaeducacion.com/comp/cuadernos/cua08.mbz','activo',508),(299,'Cuadernos de Trabajo Matemáticas 9',4,11,'https://repo.mayaeducacion.com/comp/cuadernos/cua09.mbz','activo',509),(300,'Cuadernos de Trabajo Matemáticas 10',4,12,'https://repo.mayaeducacion.com/comp/cuadernos/cua10.mbz','activo',510),(301,'Cuadernos de Trabajo Matemáticas 1 BGU',4,10,'https://repo.mayaeducacion.com/comp/cuadernos/cua11.mbz','activo',511),(302,'Cuadernos de Trabajo Matemáticas 2 BGU',4,11,'https://repo.mayaeducacion.com/comp/cuadernos/cua12.mbz','activo',512),(303,'Cuadernos de Trabajo Matemáticas 3 BGU',4,12,'https://repo.mayaeducacion.com/comp/cuadernos/cua13.mbz','activo',513);

--
-- Table structure for table `logs_sistema`
--

CREATE TABLE `logs_sistema` (
  `id` int(11) NOT NULL AUTO_INCREMENT,
  `solicitud_id` int(11) DEFAULT NULL,
  `tipo` enum('INFO','ERROR') DEFAULT 'INFO',
  `mensaje` text DEFAULT NULL,
  `fecha` timestamp NOT NULL DEFAULT current_timestamp(),
  PRIMARY KEY (`id`),
  KEY `fk_logs_solicitud` (`solicitud_id`),
  CONSTRAINT `fk_logs_solicitud` FOREIGN KEY (`solicitud_id`) REFERENCES `solicitudes` (`id`) ON DELETE CASCADE
) ENGINE=InnoDB AUTO_INCREMENT=127 DEFAULT CHARSET=utf8mb4 COLLATE=utf8mb4_general_ci;

--
-- Dumping data for table `logs_sistema`
--

INSERT INTO `logs_sistema` VALUES (20,22,'INFO','Solicitud creada por Distribuidor: Misael Arias','2026-03-30 21:08:44'),(21,22,'INFO','Aprobada por Supervisor: Jheremy Yánez. Notificados: atencionalclientequasar@gmail.com, frodriguezc7@unemi.edu.ec, jefe.tecnologia@mayaeducacion.com','2026-03-30 21:26:58'),(22,22,'INFO','Campus desplegado exitosamente con 15 libros restaurados.','2026-03-30 22:12:56'),(23,22,'INFO','Notificación de despliegue enviada a: atencionalclientequasar@gmail.com, frodriguezc7@unemi.edu.ec, jefe.tecnologia@mayaeducacion.com','2026-03-30 22:13:02'),(24,22,'INFO','Se ejecutó paso 19: matriculados 0 docentes en total.','2026-03-30 22:28:11'),(25,22,'INFO','Se ejecutó paso 19: matriculados 0 docentes en total.','2026-03-30 22:28:35'),(26,22,'INFO','Se ejecutó paso 19: matriculados 0 docentes en total.','2026-03-30 22:28:56'),(27,22,'INFO','Se ejecutó paso 20: matriculados 0 docentes en total.','2026-03-30 22:42:04'),(28,22,'INFO','Se ejecutó paso 20: matriculados 0 docentes en total.','2026-03-30 22:42:23'),(29,22,'INFO','Se ejecutó paso 20: matriculados 0 docentes en total.','2026-03-30 22:42:42'),(30,22,'INFO','Se ejecutó paso 20: matriculados 0 docentes en total.','2026-03-30 22:43:46'),(31,22,'INFO','Se ejecutó paso 20: matriculados 15 docentes en total.','2026-03-30 22:46:45'),(32,22,'INFO','Se ejecutó paso 20: matriculados 12 docentes en total.','2026-03-30 22:51:28'),(33,22,'INFO','Se enviaron correos y notificaciones de credenciales.','2026-03-30 22:53:04'),(34,22,'INFO','Se configuró y matriculó satisfactoriamente a los estudiantes solicitados.','2026-03-31 04:12:59'),(35,22,'INFO','Se ejecutó paso 20: matriculados 0 docentes en total.','2026-03-31 04:21:15'),(36,22,'INFO','Se enviaron correos y notificaciones de credenciales. Docentes matriculados.','2026-03-31 04:21:38'),(37,23,'INFO','Solicitud creada por Distribuidor: Misael Arias','2026-03-31 14:03:19'),(38,23,'INFO','Aprobada por Supervisor: Jheremy Yánez. Notificados: atencionalclientequasar@gmail.com, frodriguezc7@unemi.edu.ec, jefe.tecnologia@mayaeducacion.com','2026-03-31 14:15:25'),(39,23,'INFO','Campus desplegado exitosamente con 24 libros restaurados.','2026-04-01 22:46:42'),(40,23,'INFO','Notificación de despliegue enviada a: atencionalclientequasar@gmail.com, frodriguezc7@unemi.edu.ec, jefe.tecnologia@mayaeducacion.com','2026-04-01 22:46:48'),(41,23,'INFO','Se ejecutó paso 20: matriculados 23 docentes en total.','2026-04-01 22:47:22'),(44,23,'INFO','Se ejecutó paso 20: matriculados 0 docentes en total.','2026-04-02 00:59:36'),(45,23,'INFO','Se enviaron correos y notificaciones de credenciales. Docentes matriculados.','2026-04-02 01:00:12'),(58,NULL,'INFO','Se activó usuario en EVA Mentor: Julio el Sucio por Supervisor: Jheremy Yánez','2026-04-04 04:50:45'),(59,31,'INFO','Solicitud creada por Distribuidor: Misael Arias','2026-04-06 14:30:50'),(60,31,'INFO','Campus aprobado automáticamente mediante autorización de docentes por: Jheremy Yánez','2026-04-06 15:34:25'),(61,31,'INFO','Libros actualizados por Misael Arias. Añadidos: 1, Eliminados: 6','2026-04-06 15:53:10'),(62,31,'INFO','Campus desplegado exitosamente con 46 libros restaurados.','2026-04-06 16:33:26'),(63,31,'INFO','Notificación de despliegue enviada a: atencionalclientequasar@gmail.com, frodriguezc7@unemi.edu.ec, jefe.tecnologia@mayaeducacion.com','2026-04-06 16:33:32'),(64,31,'INFO','Se crearon los usuarios de los docentes. matriculados 44 docentes en total','2026-04-06 16:34:16'),(65,31,'INFO','Se enviaron correos y notificaciones de credenciales. Docentes matriculados.','2026-04-06 16:36:48'),(66,31,'INFO','Se configuró y matriculó satisfactoriamente a los estudiantes solicitados.','2026-04-06 17:05:12'),(67,32,'INFO','Solicitud creada por Distribuidor: Misael Arias','2026-04-06 17:10:05'),(68,32,'INFO','Campus aprobado automáticamente mediante autorización de docentes por: Jheremy Yánez','2026-04-06 17:10:35'),(69,32,'INFO','Docentes activados en campus centralizado (mayaclickplus.mayaeducacion.com). Matrícula a 10 meses. Estado cambiado a ATENDIDO.','2026-04-06 17:11:01'),(70,NULL,'INFO','Se activó usuario en EVA Mentor: MIRIAN AMPARO ENRIQUEZ MACHADO por Supervisor: Jheremy Yánez','2026-04-06 21:03:57'),(71,33,'INFO','Solicitud creada por Distribuidor: Misael Arias','2026-04-07 22:53:11'),(72,33,'INFO','Campus aprobado automáticamente mediante autorización de docentes por: Jheremy Yánez','2026-04-07 22:56:57'),(73,33,'INFO','Información general actualizada por Admin Maya','2026-04-07 23:08:31'),(74,33,'INFO','Campus desplegado exitosamente con 6 libros restaurados.','2026-04-07 23:19:32'),(75,33,'INFO','Notificación de despliegue enviada a: atencionalclientequasar@gmail.com, frodriguezc7@unemi.edu.ec, jefe.tecnologia@mayaeducacion.com','2026-04-07 23:19:40'),(76,33,'INFO','Se crearon los usuarios de los docentes. matriculados 5 docentes en total','2026-04-07 23:19:56'),(77,33,'INFO','Se enviaron correos y notificaciones de credenciales. Docentes matriculados.','2026-04-07 23:22:32'),(91,38,'INFO','Solicitud creada por Distribuidor: Cynthya Andrade','2026-04-08 02:23:29'),(92,38,'INFO','Campus aprobado automáticamente mediante autorización de docentes por: Jheremy Yánez','2026-04-08 02:23:38'),(93,38,'INFO','Docentes activados en campus centralizado (mayaclickplus.mayaeducacion.com). Matrícula a 10 meses. Estado cambiado a ATENDIDO.','2026-04-08 02:23:49'),(94,23,'INFO','Campus desplegado exitosamente con 24 libros restaurados.','2026-04-09 00:39:53'),(95,23,'INFO','Notificación de despliegue enviada a: atencionalclientequasar@gmail.com, jefe.tecnologia@mayaeducacion.com','2026-04-09 00:39:58'),(96,23,'INFO','Campus desplegado exitosamente con 24 libros restaurados.','2026-04-09 00:40:00'),(97,23,'INFO','Notificación de despliegue enviada a: atencionalclientequasar@gmail.com, jefe.tecnologia@mayaeducacion.com','2026-04-09 00:40:05'),(98,23,'INFO','Campus desplegado exitosamente con 24 libros restaurados.','2026-04-09 00:40:07'),(99,23,'INFO','Notificación de despliegue enviada a: atencionalclientequasar@gmail.com, jefe.tecnologia@mayaeducacion.com','2026-04-09 00:40:11'),(100,23,'INFO','Campus desplegado exitosamente con 24 libros restaurados.','2026-04-09 00:40:13'),(101,23,'INFO','Notificación de despliegue enviada a: atencionalclientequasar@gmail.com, jefe.tecnologia@mayaeducacion.com','2026-04-09 00:40:18'),(102,23,'INFO','Campus desplegado exitosamente con 24 libros restaurados.','2026-04-09 00:40:20'),(103,23,'INFO','Notificación de despliegue enviada a: atencionalclientequasar@gmail.com, jefe.tecnologia@mayaeducacion.com','2026-04-09 00:40:25'),(104,23,'INFO','Campus desplegado exitosamente con 24 libros restaurados.','2026-04-09 00:40:27'),(105,23,'INFO','Notificación de despliegue enviada a: atencionalclientequasar@gmail.com, jefe.tecnologia@mayaeducacion.com','2026-04-09 00:40:31'),(106,23,'INFO','Se crearon los usuarios de los docentes. matriculados 23 docentes en total','2026-04-09 00:58:48'),(107,23,'INFO','Se enviaron correos y notificaciones de credenciales. Docentes matriculados.','2026-04-09 00:59:20'),(108,33,'INFO','Campus desplegado exitosamente con 6 libros restaurados.','2026-04-09 01:08:23'),(109,33,'INFO','Notificación de despliegue enviada a: atencionalclientequasar@gmail.com, jefe.tecnologia@mayaeducacion.com','2026-04-09 01:08:28'),(110,33,'INFO','Campus desplegado exitosamente con 6 libros restaurados.','2026-04-09 01:08:30'),(111,33,'INFO','Notificación de despliegue enviada a: atencionalclientequasar@gmail.com, jefe.tecnologia@mayaeducacion.com','2026-04-09 01:08:35'),(112,33,'INFO','Campus desplegado exitosamente con 6 libros restaurados.','2026-04-09 01:08:37'),(113,33,'INFO','Notificación de despliegue enviada a: atencionalclientequasar@gmail.com, jefe.tecnologia@mayaeducacion.com','2026-04-09 01:08:41'),(114,33,'INFO','Campus desplegado exitosamente con 6 libros restaurados.','2026-04-09 01:08:43'),(115,33,'INFO','Notificación de despliegue enviada a: atencionalclientequasar@gmail.com, jefe.tecnologia@mayaeducacion.com','2026-04-09 01:08:47'),(116,33,'INFO','Se crearon los usuarios de los docentes. matriculados 0 docentes en total','2026-04-09 01:09:05'),(117,33,'INFO','Se crearon los usuarios de los docentes. matriculados 0 docentes en total','2026-04-09 01:10:14'),(118,33,'INFO','Se crearon los usuarios de los docentes. matriculados 0 docentes en total','2026-04-09 01:12:18'),(119,33,'INFO','Se crearon los usuarios de los docentes. matriculados 7 docentes en total','2026-04-09 01:16:19'),(120,33,'INFO','Se crearon los usuarios de los docentes. matriculados 7 docentes en total','2026-04-09 01:25:19'),(121,39,'INFO','Solicitud creada por Distribuidor: Misael Arias','2026-04-09 22:25:01'),(122,39,'INFO','Campus aprobado automáticamente mediante autorización de docentes por: Jheremy Yánez','2026-04-09 22:25:30'),(123,39,'INFO','Docentes activados en campus centralizado (mayaclickplus.mayaeducacion.com). Matrícula a 10 meses. Estado cambiado a ATENDIDO.','2026-04-09 22:25:56'),(124,40,'INFO','Solicitud creada por Distribuidor: Misael Arias','2026-04-09 22:32:42'),(125,40,'INFO','Campus aprobado automáticamente mediante autorización de docentes por: Jheremy Yánez','2026-04-09 22:32:50'),(126,40,'INFO','Docentes activados en campus centralizado (mayaclickplus.mayaeducacion.com). Matrícula a 10 meses. Estado cambiado a ATENDIDO.','2026-04-09 22:33:07');

--
-- Table structure for table `plantillas_correo`
--

CREATE TABLE `plantillas_correo` (
  `id` int(11) NOT NULL AUTO_INCREMENT,
  `codigo` varchar(50) NOT NULL,
  `asunto` varchar(255) NOT NULL,
  `cuerpo` text NOT NULL,
  `updated_at` timestamp NOT NULL DEFAULT current_timestamp() ON UPDATE current_timestamp(),
  PRIMARY KEY (`id`),
  UNIQUE KEY `codigo` (`codigo`)
) ENGINE=InnoDB AUTO_INCREMENT=23 DEFAULT CHARSET=utf8mb4 COLLATE=utf8mb4_general_ci;

--
-- Dumping data for table `plantillas_correo`
--

INSERT INTO `plantillas_correo` VALUES (2,'aprobacion','Solicitud Aprobada: @institucion','Estimado @distribuidor,\n\nSu solicitud para @institucion ha sido APROBADA por el supervisor @supervisor.\n\nPróximo paso: Despliegue del campus.\n\nAtentamente,\n@supervisor','2026-03-21 14:01:37'),(3,'rechazo','Solicitud Rechazada: @institucion','Estimado @distribuidor,\n\nLamentamos informarte que la solicitud para @institucion ha sido rechazada, debido a: \n\n\nAtentamente,\n@supervisor','2026-03-21 14:02:39'),(4,'despliegue','Campus Desplegado: @institucion','Estimados,\n\nNos complace informarles que el campus institucional de @institucion ha sido desplegado exitosamente, conforme a la solicitud realizada por @distribuidor y debidamente autorizada por @supervisor.\n\nA continuación, compartimos los datos de acceso:\n\nEnlace de acceso: @url\nLibros instalados:\n@libros\n\nSi requieren asistencia adicional o soporte técnico, no duden en contactarnos.\n\nAtentamente,\nDepartamento de Tecnología\n@admin','2026-04-07 23:24:24'),(5,'solicitud_si','Nueva Solicitud creación de Campus MayaClick: @institucion con Estudiantes y Docentes.','Estimados,\n\nPor medio de la presente, se solicita la creación de un campus con la plataforma Mayaclick de la institución: @institucion.\n\nEl campus lo usarán ESTUDIANTES y DOCENTES.\nCon la siguiente adopción: \n@libros\n\nInstitución: @institucion\nAMIE: @amie\nRector: @rector\n\nAtentamente, \nDistribuidor: @distribuidor','2026-03-27 15:27:44'),(6,'solicitud_no','Nueva Solicitud Campus MayaClick: @institucion solo docentes.','Estimados,\n\nPor medio de la presente, se solicita la activación de la plataforma Mayaclick para la institución:  @institucion.\n\nEl campus lo usarán solo DOCENTES.\nCon la siguiente adopción:\n@libros\n\nInstitución: @institucion\nAMIE: @amie\nRector: @rector\n\nAtentamente, \nDistribuidor: @distribuidor','2026-03-27 15:27:44'),(7,'docentes_cargados','Moodle Activo: Docentes Matriculados (@institucion)','<p>Hola,</p><p>Te informamos que el proceso de matriculación de docentes para la institución <strong>@institucion</strong> ha finalizado con éxito.</p><p><strong>Total de docentes enlazados:</strong> @total_docentes</p><p>Los profesores ya pueden acceder a la plataforma a través de:<br><a href=\"@url\">@url</a></p><p>Saludos,<br>El equipo técnico.</p>','2026-03-28 04:38:32'),(8,'bienvenida_docente','¡Bienvenido(a) a la plataforma MayaClick! (@institucion)','<p>Estimado(a) <strong>@docente_nombre</strong>,</p><p>Te damos la bienvenida a tu nuevo campus virtual de la institución <strong>@institucion</strong>.</p><p>Se han habilitado el acceso a los libros correspondientes, de acuerdo con la asignación institucional. Tus credenciales de acceso iniciales son las siguientes:</p><ul><li><strong>Plataforma Moodle:</strong> <a href=\"@url\">@url</a></li><li><strong>Usuario:</strong> @usuario</li><li><strong>Contraseña:</strong> @password</li></ul><h3>Instrucciones para iniciar sesión:</h3><ol><li>Ingresa haciendo clic en el enlace enviado utilizando cualquier navegador.</li><li>Busca la opción de <strong>Acceder</strong> (botón superior derecho).</li><li>Ingresa tu Usuario (tu número de cédula) y tu Contraseña (tu número de cédula).</li><li>¡Listo! Podrás ver tus libros asignados en el tablero inicial. Por seguridad, te recomendamos cambiar la contraseña al entrar.</li></ol><p>Éxitos,</p>','2026-04-07 23:36:39'),(9,'solicitud_activacion_docentes','Solicitud de Activación de Docentes: @institucion','El distribuidor @distribuidor ha solicitado la activación de los docentes para la institución @institucion.\n\nPuedes revisar la lista de docentes y autorizar su creación desde el panel de control.\n\nAtentamente,\nEl Sistema Dashboard.','2026-03-28 05:10:18'),(10,'docentes_autorizados','Autorización de Activación de Docentes: @institucion','Se ha autorizado la activación de los docentes para la institución @institucion.\n\nEl administrador ya ha sido notificado para proceder con el despliegue del Paso 19 en Moodle.\n\nAtentamente,\nEl Sistema Dashboard.','2026-03-28 05:10:18'),(11,'cambio_docentes_solicitado','Solicitud de Cambio de Docentes: @institucion','El distribuidor @distribuidor ha solicitado un cambio en la lista de docentes o libros asignados para la institución @institucion.\n\nPor favor revisa y autoriza este cambio desde el panel de control.\n\nAtentamente,\nEl Sistema Dashboard.','2026-03-28 05:10:18'),(12,'docentes_rechazados','Carga de Docentes Rechazada - @institucion','<p>Hola,</p><p>La lista de docentes para la institución <strong>@institucion</strong> ha sido rechazada por el supervisor/administrador.</p><p>Por favor revise la lista, realice los ajustes necesarios y vuelva a solicitar la activación.</p>','2026-03-28 05:32:32'),(19,'SOLICITUD_ATENDIDA','Solicitud Atendida - @institucion','<div style=\'font-family: Arial; line-height: 1.6; color: #333;\'>\n    <h2 style=\'color: #2e7d32;\'>? Solicitud Atendida</h2>\n    <p>La carga de docentes para la instituci¾n <strong>@institucion</strong> ha sido procesada exitosamente.</p>\n    <div style=\'background: #f9f9f9; padding: 15px; border-left: 5px solid #2e7d32; margin: 20px 0;\'>\n        <p style=\'margin: 5px 0;\'><b>Estado Final:</b> ATENDIDO</p>\n        <p style=\'margin: 5px 0;\'><b>Instituci¾n:</b> @institucion</p>\n        <p style=\'margin: 5px 0;\'><b>Campus:</b> <a href=\'@url\'>@url</a></p>\n    </div>\n    <p>Los docentes ya han sido matriculados y sus credenciales de acceso les han sido enviadas a sus correos electr¾nicos personales registrados en la solicitud.</p>\n    <hr style=\'border: none; border-top: 1px solid #eee;\'>\n    <p style=\'font-size: 11px; color: #999;\'>Mensaje automßtico del sistema de gesti¾n Moodle MayaClick Plus.</p>\n</div>','2026-04-06 17:34:22'),(20,'SOLICITUD_DEMO_ATENDIDA','Solicitud Demo Atendida - @institucion','<div style=\'font-family: Arial; line-height: 1.6; color: #333;\'>\n    <h2 style=\'color: #2e7d32;\'>Solicitud Atendida</h2>\n    <p>La carga del demo para la institución <strong>@institucion</strong> ha sido procesada exitosamente.</p>\n    <div style=\'background: #f9f9f9; padding: 15px; border-left: 5px solid #2e7d32; margin: 20px 0;\'>\n        <p style=\'margin: 5px 0;\'><b>Estado Final:</b> ATENDIDO</p>\n        <p style=\'margin: 5px 0;\'><b>Institución:</b> @institucion</p>\n        <p style=\'margin: 5px 0;\'><b>Campus:</b> <a href=\'@url\'>@url</a></p>\n        <p style=\'margin: 5px 0;\'><b>Usuario/Contraseña:</b> @usuario \n        <p style=\'margin: 5px 0;\'><b>Tiempo de vigencia:</b> @tiempo_vigencia.</p>\n    </div>\n    <p>El usuario ha sido matriculado y sus credenciales de acceso se han enviado a su correo electrónico personal registrado en la solicitud.</p>\n    <hr style=\'border: none; border-top: 1px solid #eee;\'>\n    <p style=\'font-size: 11px; color: #999;\'>Mensaje automático del sistema de gestión MayaClick Plus.</p>\n</div>','2026-04-09 22:36:42'),(21,'ACCESO_DEMO_DOCENTE','Acceso a materiales DEMO - Campus MayaClick Plus','¡Hola, @nombre!\n\nSe ha activado tu acceso DEMO en MayaClick.\n\nLink de acceso: https://@dominio\nUsuario: @usuario\nContraseña: (Tu número de cédula)\n\nMateriales asignados:\n@libros\n\nDuración del demo: @duracion\n\nEste es un mensaje automático, por favor no respondas a este correo.','2026-04-08 01:52:45'),(22,'ACCESO_DOCENTE','Acceso a materiales - Campus MayaClick Plus','¡Hola, @nombre!\n\nSe ha activado tu acceso al Campus Centralizado MayaClick Plus.\n\nYa puedes ingresar para revisar tus materiales pedagógicos:\n\nLink de acceso: https://@dominio\nUsuario: @usuario\nContraseña: (Tu número de cédula)\n\nMateriales asignados:\n@libros\n\nEste es un mensaje automático, por favor no respondas a este correo.','2026-04-08 01:51:40');

--
-- Table structure for table `regimenes`
--

CREATE TABLE `regimenes` (
  `id` int(11) NOT NULL AUTO_INCREMENT,
  `nombre` varchar(100) NOT NULL,
  `estado` enum('activo','inactivo') DEFAULT 'activo',
  PRIMARY KEY (`id`)
) ENGINE=InnoDB AUTO_INCREMENT=6 DEFAULT CHARSET=utf8mb4 COLLATE=utf8mb4_general_ci;

--
-- Dumping data for table `regimenes`
--

INSERT INTO `regimenes` VALUES (1,'Costa 2026','activo'),(2,'Sierra 2026','activo'),(5,'Sierra 2025','activo');

--
-- Table structure for table `series`
--

CREATE TABLE `series` (
  `id` int(11) NOT NULL AUTO_INCREMENT,
  `nombre` varchar(100) NOT NULL,
  `logo` varchar(255) DEFAULT NULL,
  `editorial_id` int(11) DEFAULT NULL,
  `estado` varchar(20) DEFAULT 'activo',
  PRIMARY KEY (`id`),
  KEY `editorial_id` (`editorial_id`),
  CONSTRAINT `series_ibfk_1` FOREIGN KEY (`editorial_id`) REFERENCES `editoriales` (`id`) ON DELETE CASCADE
) ENGINE=InnoDB AUTO_INCREMENT=6 DEFAULT CHARSET=utf8mb4 COLLATE=utf8mb4_general_ci;

--
-- Dumping data for table `series`
--

INSERT INTO `series` VALUES (1,'Tendencias Plus +',NULL,1,'activo'),(2,'Siembra',NULL,1,'activo'),(3,'Cultiva',NULL,1,'activo'),(4,'Canela',NULL,1,'activo'),(5,'Tendencias',NULL,1,'activo');

--
-- Table structure for table `solicitud_docente_libros`
--

CREATE TABLE `solicitud_docente_libros` (
  `id` int(11) NOT NULL AUTO_INCREMENT,
  `docente_id` int(11) NOT NULL,
  `libro_id` int(11) NOT NULL,
  PRIMARY KEY (`id`),
  UNIQUE KEY `unique_docente_libro` (`docente_id`,`libro_id`),
  KEY `libro_id` (`libro_id`),
  CONSTRAINT `solicitud_docente_libros_ibfk_1` FOREIGN KEY (`docente_id`) REFERENCES `solicitud_docentes` (`id`) ON DELETE CASCADE,
  CONSTRAINT `solicitud_docente_libros_ibfk_2` FOREIGN KEY (`libro_id`) REFERENCES `libros` (`id`) ON DELETE CASCADE
) ENGINE=InnoDB AUTO_INCREMENT=269 DEFAULT CHARSET=utf8mb4 COLLATE=utf8mb4_unicode_ci;

--
-- Dumping data for table `solicitud_docente_libros`
--

INSERT INTO `solicitud_docente_libros` VALUES (38,10,13),(39,11,14),(40,12,15),(41,13,16),(42,14,17),(43,15,18),(44,16,22),(49,16,23),(45,16,24),(48,16,25),(46,16,26),(47,16,27),(50,32,64),(51,32,82),(52,33,56),(53,33,65),(54,34,57),(55,34,66),(56,35,58),(57,36,59),(58,36,60),(59,37,67),(60,37,69),(61,37,70),(62,38,68),(63,39,61),(64,39,62),(65,40,70),(66,40,71),(67,41,62),(68,41,63),(69,42,71),(70,42,72),(71,43,109),(72,43,110),(73,43,111),(75,44,119),(74,44,120),(119,50,14),(120,50,15),(121,50,56),(122,50,65),(123,50,74),(124,50,75),(125,50,76),(126,51,13),(127,51,55),(128,51,57),(129,51,58),(130,51,59),(131,51,64),(132,51,73),(133,52,60),(134,52,66),(135,52,67),(136,52,68),(137,52,69),(138,52,70),(139,52,71),(140,53,63),(141,53,109),(142,53,110),(143,54,16),(144,54,17),(145,54,18),(146,54,19),(147,54,20),(148,54,21),(149,54,22),(150,54,25),(151,54,26),(152,55,77),(153,55,78),(154,55,79),(155,55,80),(156,55,81),(157,55,113),(158,56,70),(159,56,71),(160,56,72),(163,56,115),(164,56,116),(161,56,118),(162,56,119),(192,57,22),(193,57,23),(194,57,24),(177,57,25),(178,57,26),(179,57,27),(172,57,88),(173,57,89),(171,57,90),(175,57,97),(176,57,98),(174,57,99),(169,57,106),(170,57,107),(168,57,108),(186,57,109),(187,57,110),(188,57,111),(183,57,112),(184,57,113),(185,57,114),(180,57,115),(181,57,116),(182,57,117),(189,57,118),(190,57,119),(191,57,120),(166,57,183),(167,57,184),(165,57,185),(195,58,88),(196,59,88),(197,60,89),(198,61,89),(199,61,109),(201,61,110),(200,61,111),(215,66,34),(218,66,88),(216,66,107),(219,66,111),(217,66,113),(214,66,142),(247,67,22),(248,67,23),(249,67,24),(220,67,25),(221,67,26),(222,67,27),(239,67,88),(240,67,89),(236,67,90),(245,67,97),(246,67,98),(242,67,99),(227,67,106),(228,67,107),(226,67,108),(235,67,109),(237,67,110),(238,67,111),(232,67,112),(233,67,113),(234,67,114),(229,67,115),(230,67,116),(231,67,117),(241,67,118),(243,67,119),(244,67,120),(224,67,183),(225,67,184),(223,67,185),(256,68,14),(258,68,15),(260,68,16),(259,68,17),(261,68,18),(262,68,19),(263,68,20),(257,68,21),(250,68,55),(251,68,56),(252,68,57),(253,68,58),(254,68,59),(255,68,60),(264,68,109),(265,68,110),(266,68,111),(267,68,188),(268,68,189);

--
-- Table structure for table `solicitud_docentes`
--

CREATE TABLE `solicitud_docentes` (
  `id` int(11) NOT NULL AUTO_INCREMENT,
  `solicitud_id` int(11) NOT NULL,
  `cedula` varchar(20) NOT NULL,
  `nombre` varchar(150) DEFAULT '',
  `correo` varchar(150) DEFAULT '',
  `telefono` varchar(30) DEFAULT '',
  `created_at` timestamp NOT NULL DEFAULT current_timestamp(),
  PRIMARY KEY (`id`),
  UNIQUE KEY `unique_cedula_solicitud` (`solicitud_id`,`cedula`),
  CONSTRAINT `solicitud_docentes_ibfk_1` FOREIGN KEY (`solicitud_id`) REFERENCES `solicitudes` (`id`) ON DELETE CASCADE
) ENGINE=InnoDB AUTO_INCREMENT=69 DEFAULT CHARSET=utf8mb4 COLLATE=utf8mb4_unicode_ci;

--
-- Dumping data for table `solicitud_docentes`
--

INSERT INTO `solicitud_docentes` VALUES (10,22,'1721343083','PILALUISA NATO DIANA MARIBEL','dianita3089@hotmail.com','962540245','2026-03-30 22:26:08'),(11,22,'1726906637','QUINSASAMIN ESPINOSA JOSSELYN ANGELICA','ksmangelica@gmail.com','995123103','2026-03-30 22:26:08'),(12,22,'1754389607','GUILCASO CALLATASIG SANDY GISELLE','sandy.guilcaso.sg@gmail.com','987677021','2026-03-30 22:26:08'),(13,22,'1709633463','LEON SUAREZ CARLOS OSWALDO','carloswaldo67@hotmail.com','985509817','2026-03-30 22:26:08'),(14,22,'1718413287','ALBAN ROBLES ANDREA ALEJANDRA','aleja_141088@hotmail.com','992670388','2026-03-30 22:26:08'),(15,22,'1724371156','CARRERA AGILA LILIANA ESTEFANIA','lilianacarrera847@gmail.com','979311298','2026-03-30 22:26:08'),(16,22,'1713555058','TOAPANTA ROMERO FREDDY AUGUSTO','roberto1234romero@hotmail.com','958753262','2026-03-30 22:26:08'),(32,23,'1308669249','MERA LOOR ROCÍO MONSERRATE','rocio.mera@ueisrael.edu.ec','0999907276','2026-03-31 14:04:10'),(33,23,'1309702205','SOLEDISPA IBARRA ELENA ELIZABETH','elena.soledispa@ueisrael.edu.ec','0982810107','2026-03-31 14:04:10'),(34,23,'1316918117','LÓPEZ INTRIAGO MAGNOLIA ABIGAIL','abigail.lopez@ueisrael.edu.ec','0992614685','2026-03-31 14:04:10'),(35,23,'1311369126','SALTOS INTRIAGO MARLENE ELIZABETH','marlene.saltos@ueisrael.edu.ec','0988226461','2026-03-31 14:04:10'),(36,23,'1315667467','CASTAÑO MOREIRA JEAN CARLOS','jean.castano@ueisrael.edu.ec','0980660937','2026-03-31 14:04:10'),(37,23,'1307308344','ARAGUNDI MENDOZA NORCA LIVIDA','norca.aragundi@ueisrael.edu.ec','0969673556','2026-03-31 14:04:10'),(38,23,'1312315300','CÁRDENAS ALAY JENNIFER JAZMÍN','jennifer.cardenas@ueisrael.edu.ec','0990440570','2026-03-31 14:04:10'),(39,23,'1311587453','VINCES BAZURTO ROSA ELIZABETH','rosa.vinces@ueisrael.edu.ec','0993122311','2026-03-31 14:04:10'),(40,23,'1310768302','ÁLVAREZ CARREÑO PABLO STALIN','pablo.alvarez@ueisrael.edu.ec','0984785040','2026-03-31 14:04:10'),(41,23,'ALONSOANDREA','ALONSO ANDREA','','0986603312','2026-03-31 14:04:10'),(42,23,'1315916062','PÁRRAGA SABANDO DIANA PAOLA','diana.parraga@ueisrael.edu.ec','0996681341','2026-03-31 14:04:10'),(43,23,'1312889916','PILAY GONZÁLEZ FERMÍN EDUARDO','fermin.pilay@ueisrael.edu.ec','0998268669','2026-03-31 14:04:10'),(44,23,'DELGADOJORGE','DELGADO JORGE','','','2026-03-31 14:04:10'),(50,31,'1711235133','BOLAÑOS SILVA SANDRA ELIZABETH','sbolanos@talentos.edu.ec','','2026-04-06 14:49:49'),(51,31,'1718536152','MALUSIN QUISHPE MIREYA ALEXANDRA','mmalusin@talentos.edu.ec','','2026-04-06 14:49:49'),(52,31,'1751392729','QUILLAY SANTILLAN LISETH ESTEFANIA','lisethquillay@gmail.com','','2026-04-06 14:49:49'),(53,31,'0401968995','MURILLO RUANO LEIDY TAMARA','lmurillo@talentos.edu.ec','','2026-04-06 14:49:49'),(54,31,'1720439809','CASTILLO ORTÍZ DIEGO ALEJANDRO','dcastillo@talentos.edu.ec','','2026-04-06 14:49:49'),(55,31,'1751076967','USHIÑA LAMIÑO JENIFFER DAYANNA','lmurillo@talentos.edu.ec','','2026-04-06 14:49:49'),(56,31,'1751467638','PAZMIÑO PUGA DANIEL SANTIAGO','dpazmino@talentos.edu.ec','','2026-04-06 15:43:00'),(57,32,'demo.cascante','Demo UE Cascante','demo.cascante@g.com','demo.cascante','2026-04-06 17:10:05'),(58,33,'1313936807','SILVIA PATRICIA BAILÓN CHEME','recursosoptativa@gmail.com','','2026-04-07 22:54:01'),(59,33,'1310731854','LISSETH KATHERINE VELASQUEZ THOMSON','','','2026-04-07 22:54:01'),(60,33,'1311674434','ANGELA LOURDES CEDEÑO VELEZ','','','2026-04-07 22:54:01'),(61,33,'1308587748','PAMELA ESTEFANÍA MERO LUCAS','','','2026-04-07 22:54:01'),(66,38,'0911250975','Erika leticia Alvarado Muñoz','asesoreducativofamiliar@gmail.com','0911250975','2026-04-08 02:23:29'),(67,39,'1003969969','Msc. Byron Burbano','soporte.tecnico@somosgrupora.com','1003969969','2026-04-09 22:25:01'),(68,40,'demo.jacaranda','Jacaranda','demo.jacaranda@gmail.com','demo.jacaranda','2026-04-09 22:32:42');

--
-- Table structure for table `solicitud_estudiante_libros`
--

CREATE TABLE `solicitud_estudiante_libros` (
  `estudiante_id` int(11) NOT NULL,
  `libro_id` int(11) NOT NULL,
  PRIMARY KEY (`estudiante_id`,`libro_id`)
) ENGINE=InnoDB DEFAULT CHARSET=utf8mb4 COLLATE=utf8mb4_general_ci;

--
-- Dumping data for table `solicitud_estudiante_libros`
--

INSERT INTO `solicitud_estudiante_libros` VALUES (167,13),(168,13),(169,13),(170,13),(171,13),(172,13),(173,13),(174,13),(175,13),(176,13),(177,13),(178,13),(179,13),(180,13),(181,13),(182,13),(183,13),(184,13),(185,13),(186,13),(187,14),(188,14),(189,14),(190,14),(191,14),(192,14),(193,14),(194,14),(195,14),(196,14),(197,14),(198,14),(199,14),(200,14),(201,14),(202,14),(203,14),(204,15),(205,15),(206,15),(207,15),(208,15),(209,15),(210,15),(211,15),(212,15),(213,15),(214,16),(215,16),(216,16),(217,16),(218,16),(219,16),(220,16),(221,16),(222,16),(223,16),(224,16),(225,16),(226,16),(227,16),(228,16),(229,16),(230,16),(231,16),(232,16),(233,16),(234,17),(235,17),(236,17),(237,17),(238,17),(239,17),(240,17),(241,17),(242,17),(243,17),(244,17),(245,17),(246,17),(247,17),(248,17),(249,17),(250,18),(251,18),(252,18),(253,18),(254,18),(255,18),(256,18),(257,18),(258,18),(259,18),(260,18),(261,18),(262,18),(263,18),(264,18),(265,18),(266,18),(267,18),(268,18),(269,22),(269,25),(270,22),(270,25),(271,22),(271,25),(272,22),(272,25),(273,22),(273,25),(274,22),(274,25),(275,22),(275,25),(276,22),(276,25),(277,22),(277,25),(278,22),(278,25),(279,22),(279,25),(280,22),(280,25),(281,22),(281,25),(282,22),(282,25),(283,22),(283,25),(284,22),(284,25),(285,22),(285,25),(286,22),(286,25),(287,22),(287,25),(288,22),(288,25),(289,22),(289,25),(290,22),(290,25),(291,22),(291,25),(292,22),(292,25),(293,22),(293,25),(294,22),(294,25),(295,23),(295,26),(296,23),(296,26),(297,23),(297,26),(298,23),(298,26),(299,23),(299,26),(300,23),(300,26),(301,23),(301,26),(302,23),(302,26),(303,23),(303,26),(304,23),(304,26),(305,23),(305,26),(306,23),(306,26),(307,23),(307,26),(308,23),(308,26),(309,23),(309,26),(310,23),(310,26),(311,23),(311,26),(312,23),(312,26),(313,23),(313,26),(314,23),(314,26),(315,23),(315,26),(316,23),(316,26),(317,23),(317,26),(318,23),(318,26),(319,23),(319,26),(320,24),(320,27),(321,24),(321,27),(322,24),(322,27),(323,24),(323,27),(324,24),(324,27),(325,24),(325,27),(326,24),(326,27),(327,24),(327,27),(328,24),(328,27),(329,24),(329,27),(330,24),(330,27),(331,24),(331,27),(332,24),(332,27),(334,13),(334,55),(334,64),(334,73),(335,13),(335,55),(335,64),(335,73),(336,13),(336,55),(336,64),(336,73),(337,13),(337,55),(337,64),(337,73),(338,13),(338,55),(338,64),(338,73),(339,13),(339,55),(339,64),(339,73),(340,14),(340,56),(340,65),(340,74),(341,14),(341,56),(341,65),(341,74),(342,14),(342,56),(342,65),(342,74),(343,14),(343,56),(343,65),(343,74),(344,14),(344,56),(344,65),(344,74),(345,14),(345,56),(345,65),(345,74),(346,14),(346,56),(346,65),(346,74),(347,14),(347,56),(347,65),(347,74),(348,15),(348,57),(348,66),(348,75),(349,15),(349,57),(349,66),(349,75),(350,15),(350,57),(350,66),(350,75),(351,15),(351,57),(351,66),(351,75),(352,16),(352,58),(352,67),(352,76),(353,16),(353,58),(353,67),(353,76),(354,16),(354,58),(354,67),(354,76),(355,17),(355,59),(355,68),(355,77),(356,17),(356,59),(356,68),(356,77),(357,17),(357,59),(357,68),(357,77),(358,17),(358,59),(358,68),(358,77),(359,18),(359,60),(359,69),(359,78),(360,18),(360,60),(360,69),(360,78),(361,18),(361,60),(361,69),(361,78),(362,18),(362,60),(362,69),(362,78),(363,18),(363,60),(363,69),(363,78),(364,18),(364,60),(364,69),(364,78),(365,18),(365,60),(365,69),(365,78),(366,19),(366,61),(366,70),(366,79),(367,19),(367,61),(367,70),(367,79),(368,19),(368,61),(368,70),(368,79),(369,20),(369,62),(369,71),(369,80),(370,20),(370,62),(370,71),(370,80),(371,20),(371,62),(371,71),(371,80),(372,21),(372,63),(372,72),(372,81),(373,21),(373,63),(373,72),(373,81),(374,21),(374,63),(374,72),(374,81),(375,21),(375,63),(375,72),(375,81),(376,21),(376,63),(376,72),(376,81),(377,21),(377,63),(377,72),(377,81),(378,22),(378,25),(378,109),(378,115),(378,118),(379,22),(379,25),(379,109),(379,115),(379,118),(380,22),(380,25),(380,109),(380,115),(380,118),(381,22),(381,25),(381,109),(381,115),(381,118),(382,26),(382,110),(382,113),(382,116),(382,119),(383,26),(383,110),(383,113),(383,116),(383,119),(384,26),(384,110),(384,113),(384,116),(384,119);

--
-- Table structure for table `solicitud_estudiantes`
--

CREATE TABLE `solicitud_estudiantes` (
  `id` int(11) NOT NULL AUTO_INCREMENT,
  `solicitud_id` int(11) NOT NULL,
  `cedula` varchar(50) NOT NULL,
  `nombre` varchar(255) NOT NULL,
  `correo` varchar(255) DEFAULT '',
  `telefono` varchar(50) DEFAULT '',
  `grado` varchar(100) DEFAULT '',
  `paralelo` varchar(50) DEFAULT '',
  PRIMARY KEY (`id`),
  UNIQUE KEY `unique_estudiante` (`solicitud_id`,`cedula`)
) ENGINE=InnoDB AUTO_INCREMENT=385 DEFAULT CHARSET=utf8mb4 COLLATE=utf8mb4_general_ci;

--
-- Dumping data for table `solicitud_estudiantes`
--

INSERT INTO `solicitud_estudiantes` VALUES (167,22,'1759871112','AMORES ARAGON MARTIN NICOLAS','','','2 EGB','A'),(168,22,'1759988486','ANDA BRIONES RAFAELA SOFIA','','','2 EGB','A'),(169,22,'1353241282','CARPIO RUIZ EZEQUIEL NICOLÁS','','','2 EGB','A'),(170,22,'0152087052','CORTEZ ASTUDILLO ELIZA ELIZABETH','','','2 EGB','A'),(171,22,'1759766007','CRESPO BARRIOS DANNA','','','2 EGB','A'),(172,22,'1759993916','DÍAZ OLMEDO MATEO FRANCISCO','','','2 EGB','A'),(173,22,'1759508649','FERNÁNDEZ DA SILVA THIAGO JAVIER','','','2 EGB','A'),(174,22,'1760021830','HIDALGO PAREDES ADRIAN NICOLÁS','','','2 EGB','A'),(175,22,'1759693409','LÓPEZ FREIRE GIANLUKA','','','2 EGB','A'),(176,22,'1759652587','LUNA GRANJA MIA FIORELLA','','','2 EGB','A'),(177,22,'1759637489','MARÍN FAJARDO GABRIEL ANDRÉS','','','2 EGB','A'),(178,22,'2351814534','MARTÍNEZ ARTEAGA ZARAD EMILIANA','','','2 EGB','A'),(179,22,'1759872854','NIETO BERMEO EDUARDA EMMA','','','2 EGB','A'),(180,22,'1759354333','OLEAS DONOSO LAIA VICTORIA','','','2 EGB','A'),(181,22,'1759424227','OROZCO VELASQUEZ ABDIEL TADEO','','','2 EGB','A'),(182,22,'1151443536','PALACIOS LUZURIAGA CALEB ISAIAS','','','2 EGB','A'),(183,22,'1759367020','RODRÍGUEZ BARRERA XANDER ISAAC','','','2 EGB','A'),(184,22,'1759561655','VERGARA VALVERDE AARON JOSUE','','','2 EGB','A'),(185,22,'1759921784','VILLAMIZAR PADILLA JORGE IGNACIO','','','2 EGB','A'),(186,22,'1759410515','VILLARROEL VALDÉZ ALESSANDRA ISABELLA','','','2 EGB','A'),(187,22,'1759121625','AGUILAR CHONILLO IKER ALEJANDRO','','','3 EGB','A'),(188,22,'1758616682','ARELLANO SANCHEZ MIA VALENTINA','','','3 EGB','A'),(189,22,'1761080066','ARIAS PORRAS JOAQUIN EMILIO','','','3 EGB','A'),(190,22,'1758989584','BARREIRO PALADINES SAMARA SIMONE','','','3 EGB','A'),(191,22,'P-17417333','BRACHO MIQUILENA ARANZA VICTORIA','','','3 EGB','A'),(192,22,'1758602591','BRIZUELA JIMENEZ HANNAH ALEJANDRA','','','3 EGB','A'),(193,22,'1759078098','CASTRO ROMERO CESAR URIEL','','','3 EGB','A'),(194,22,'1761506938','CASTRO TORRES AMELIA SOFIA','','','3 EGB','A'),(195,22,'1252034507','CHIRIGUAY CARRERA LIZ DOMENICA','','','3 EGB','A'),(196,22,'1758097081','COBA ENDARA IAN MATIAS','','','3 EGB','A'),(197,22,'1758925794','GUERRERO LOPEZ DANTE ISAAC','','','3 EGB','A'),(198,22,'1758858375','GUTIÉRREZ TERAN SANTIAGO DAVID','','','3 EGB','A'),(199,22,'1758648834','NAVARRO SERRANO ISABELLA VALENTINA','','','3 EGB','A'),(200,22,'1758493025','RODRÍGUEZ ORTIZ ISABELLA VICTORIA','','','3 EGB','A'),(201,22,'1758992794','ROJAS COLLAGUAZO AMAYA ISABELA','','','3 EGB','A'),(202,22,'1758619272','SAAVEDRA QUISPE SAMUEL ALEJANDRO','','','3 EGB','A'),(203,22,'1759111485','TANDAZO MEDINA SANTIAGO ISRAEL','','','3 EGB','A'),(204,22,'1758306946','ALAVA CULQUI ETHAN VALENTIN','','','4 EGB','A'),(205,22,'1758031106','ALMEIDA PILLALAZA THIAGO ANDRE','','','4 EGB','A'),(206,22,'0650808173','CALDERON PAZMIÑO PABLO MARTIN','','','4 EGB','A'),(207,22,'1758473563','FAJARDO MARIÑO SARELLY VALENTINA','','','4 EGB','A'),(208,22,'1050720075','HINOJOSA ESTRELLA ARIANA MONSERRATH','','','4 EGB','A'),(209,22,'1758003592','IBARRA GONZÁLEZ JOAQUÍN NICOLÁS','','','4 EGB','A'),(210,22,'1758045007','MORA MENA JAVIER ALEJANDRO','','','4 EGB','A'),(211,22,'1352639528','ROSERO HARO STEFANO ANDRE','','','4 EGB','A'),(212,22,'1758431652','SILVA MENDIETA ALAN ABDIEL','','','4 EGB','A'),(213,22,'1757928229','TANDAZO MEDINA AMY SOFIA','','','4 EGB','A'),(214,22,'1757505738','AGUIRRE NÚÑEZ NAHOMI LEONELA','','','5 EGB','A'),(215,22,'1761167590','AL AWDHALI AHMED TAHER AHMED','','','5 EGB','A'),(216,22,'1757586241','ALCIVAR GALINDO MARIZZA PIA','','','5 EGB','A'),(217,22,'2250417827','ANDA BRIONES JUAN MIGUEL','','','5 EGB','A'),(218,22,'1761423589','BENAVIDES RIOS MATEO NAHUEL','','','5 EGB','A'),(219,22,'1851296424','CÓRDOVA SOLANO DIEGO XAVIER','','','5 EGB','A'),(220,22,'1016741081','CORREA HUERTAS ANA SOFÍA','','','5 EGB','A'),(221,22,'1758085805','DELGADO DÁVILA MATÍAS IGNACIO','','','5 EGB','A'),(222,22,'1757151624','GUERRERO PALMA LIAN ANDRE','','','5 EGB','A'),(223,22,'1757748338','HERDOIZA CABRERA TAMYA ASIRI','','','5 EGB','A'),(224,22,'1354228460','IGUARAN ZAMBRANO REINALDO ANDRE','','','5 EGB','A'),(225,22,'138947174','MENDEZ MORENO VICTORIA ALEJANDRA','','','5 EGB','A'),(226,22,'1757711997','MENDEZ VALENCIA JEISY LEZBETH','','','5 EGB','A'),(227,22,'1757364540','MIÑO TERÁN SEBASTIÁN EZEQUIEL','','','5 EGB','A'),(228,22,'1757581119','NAVARRO SERRANO JOAQUIN NICOLAS','','','5 EGB','A'),(229,22,'1757517345','PASQUEL BUENO DANNA VICTORIA','','','5 EGB','A'),(230,22,'1757519903','POVEDA MUÑOZ JUAN ANDRES','','','5 EGB','A'),(231,22,'1757631047','RUILOVA ZAMBRANO DANNETH AILEN','','','5 EGB','A'),(232,22,'1757600414','SAMPER FUENTES YUSNIEL','','','5 EGB','A'),(233,22,'1757412687','TROCELLIER APOLO EMILY ANGÉLICA','','','5 EGB','A'),(234,22,'1756989123','AMORES ARAGON SARA MARTINA','','','6 EGB','A'),(235,22,'1756724447','BASTIDAS GONZALES CHRISTIAN SAUL','','','6 EGB','A'),(236,22,'1757096316','CASA MANRIQUE ARELLY ISABELLA','','','6 EGB','A'),(237,22,'1352218414','CEDEÑO RUIZ JULIANA SARAHI','','','6 EGB','A'),(238,22,'1757279847','DEL MORO CAMPOS LEONARDO GABRIEL','','','6 EGB','A'),(239,22,'1756613715','FIGUEROA CASTILLO JUAN ANDRÉS','','','6 EGB','A'),(240,22,'1756754980','FREIRE OCAMPO SANTIAGO MATHIAS','','','6 EGB','A'),(241,22,'1761083276','GIMÉNEZ BARBAR DIEGO NAPOLEON','','','6 EGB','A'),(242,22,'1756788582','JIMENEZ GUAMAN STEFANO BENJAMIN','','','6 EGB','A'),(243,22,'1760734036','LOZANO LUZARDO CESAR ALEJANDRO','','','6 EGB','A'),(244,22,'1756387377','LUNA ALBAN PAULA ISABELLA','','','6 EGB','A'),(245,22,'1151082136','MASACHE JARAMILLO JOSE FRANCISCO','','','6 EGB','A'),(246,22,'1757223043','MORALES SALAZAR KIMBERLY FIORELLA','','','6 EGB','A'),(247,22,'1756958359','SIMBAÑA YUGSI ADAM DRAKE','','','6 EGB','A'),(248,22,'AX543009','VARGAS GONZÁLEZ MARTIN DAVID','','','6 EGB','A'),(249,22,'1756816219','VILLACRES COBOS JOAQUIN','','','6 EGB','A'),(250,22,'1757456072','AL BAADANI KENAN MOHAMMED ABDULWALI AHMED','','','7 EGB','A'),(251,22,'1755267851','BORJA NIÑO THIAGO JOEL','','','7 EGB','A'),(252,22,'1755940820','BURBANO DELGADO ARIEL LEONARDO','','','7 EGB','A'),(253,22,'0650555147','CALDERON PAZMIÑO MARTINA DOMENICA','','','7 EGB','A'),(254,22,'1756474837','CHÁVEZ ZURITA SCARLET ARACELY','','','7 EGB','A'),(255,22,'1755340880','CORONEL MONTENEGRO SAMIRA NICOLE','','','7 EGB','A'),(256,22,'1755891742','FLORES ÁVILA EVA EMILIA','','','7 EGB','A'),(257,22,'AX214897','GARZON ZAMBRANO DYLAN JHOSUE','','','7 EGB','A'),(258,22,'1351993652','LARCO ZAMBRANO JAVIER FERNANDO','','','7 EGB','A'),(259,22,'1755935952','LOPEZ BORJA JORGE LUIS','','','7 EGB','A'),(260,22,'3050422652','MARIÑA JARA SAMUEL ISAIAS','','','7 EGB','A'),(261,22,'1755173869','MONTALVAN POZO JUAN ANTONIO','','','7 EGB','A'),(262,22,'1756017271','NAVARRO SERRANO TOMÁS ALEJANDRO','','','7 EGB','A'),(263,22,'1756337331','OBANDO ÁLVAREZ GIULIANA GRACE','','','7 EGB','A'),(264,22,'1756465132','OSORIO CORDOVA DYLAN BENJAMIN','','','7 EGB','A'),(265,22,'196922027','OVIEDO QUINTANA ELISA ANTONELLA','','','7 EGB','A'),(266,22,'1756355325','POVEDA MUÑOZ CARLOS ENRIQUE','','','7 EGB','A'),(267,22,'1758786832','SALAZAR MALDONADO FABIAN DAVICT','','','7 EGB','A'),(268,22,'1755465596','ZAVALA JATIVA MARTINA VALENTINA','','','7 EGB','A'),(269,22,'1755953203','ALBAN PROAÑO DOMENICA ANAHI','','','1 BGU','A'),(270,22,'1751271121','AMORES VALLEJO ROMINA','','','1 BGU','A'),(271,22,'1726989864','ARIAS PORRAS SARA MALENA','','','1 BGU','A'),(272,22,'1750413179','BARREZUETA GRACÍA AMY VALENTINA','','','1 BGU','A'),(273,22,'1756740518','BENAVIDES RIOS BAUTISTA NICOLAS','','','1 BGU','A'),(274,22,'1750755348','ERAZO SILVA JHOSTYN MATIAS','','','1 BGU','A'),(275,22,'1751325323','ESCOBAR CHAUVIN TOMAS','','','1 BGU','A'),(276,22,'1754050076','FREIRE OCAMPO JOSE DAVID','','','1 BGU','A'),(277,22,'1750504597','HIDALGO PAREDES ISABELLA ALEJANDRA','','','1 BGU','A'),(278,22,'1354227942','IGUARAN ZAMBRANO SILVANA SOFÍA','','','1 BGU','A'),(279,22,'P036566','JIMENEZ PÉREZ OBEL LUIS','','','1 BGU','A'),(280,22,'1645483334','LEIRA MORALES BARBARA GABRIELA','','','1 BGU','A'),(281,22,'1752816627','MORALES SALAZAR DILLAN JOEL','','','1 BGU','A'),(282,22,'1750532093','OBANDO ÁLVAREZ DOMINIQUE DONATELLA','','','1 BGU','A'),(283,22,'1754924429','ORTEGA JIMENEZ CAMILA ALEJANDRA','','','1 BGU','A'),(284,22,'1751099670','PAREDES GONZALEZ ANDRES DAVID','','','1 BGU','A'),(285,22,'1750067629','PASQUEL AGUIRRE RENATA ISABELLA','','','1 BGU','A'),(286,22,'1751421973','PILAQUINGA CEVALLOS BENJAMIN THOMAS','','','1 BGU','A'),(287,22,'1750566075','PUENTE ACURIO FELIPE ANDRES','','','1 BGU','A'),(288,22,'1750489930','ROBALINO LINTON GUILLERMO JAVIER','','','1 BGU','A'),(289,22,'1727900340','RUIZ BRAVO NATALIA ANDREA','','','1 BGU','A'),(290,22,'1750241323','SARSOSA BRAVO ZIMAR MATEO','','','1 BGU','A'),(291,22,'1752785376','TONATO ESTRADA GEOVANNY ALEXANDER','','','1 BGU','A'),(292,22,'260177125','TORRES MARTÍNEZ CHRISTIAN DANIEL','','','1 BGU','A'),(293,22,'1726292764','VELASTEGUI TINAJERO VALENTINA MICAELLA','','','1 BGU','A'),(294,22,'1751482272','VERA GUATO JOSUE ALEXANDER','','','1 BGU','A'),(295,22,'1751356120','ALCIVAR GALINDO GIULIANA ABIGAIL','','','2 BGU','A'),(296,22,'1756577688','ALTAMIRANO KEELER DANIEL MATEO','','','2 BGU','A'),(297,22,'1758216897','ASCANIO BARRIOS GABRIEL ADRIAN','','','2 BGU','A'),(298,22,'136187725','BERMUDEZ ARIAS DAMIAN ALEJANDRO','','','2 BGU','A'),(299,22,'1755221668','BRAVO LLUMITASIG MIGUEL NICOLAS','','','2 BGU','A'),(300,22,'1755390372','CALVACHE VÁSQUEZ DAVID ADRIAN','','','2 BGU','A'),(301,22,'1750089706','CUSTODE IRIGOYEN ENZO VALENTINO','','','2 BGU','A'),(302,22,'1750339309','CARDENAS VALDÉZ TOMMY JEICK','','','2 BGU','A'),(303,22,'1750464495','FALCONI REGALADO MARTIN EDUARDO','','','2 BGU','A'),(304,22,'1750572420','GUERRERO PALMA JOSÉ MIGUEL','','','2 BGU','A'),(305,22,'1750089250','HERRERA CABRERA MATEO ALEJANDRO','','','2 BGU','A'),(306,22,'1750560433','LANDÁZURI ARPI GUSTAVO LEONARDO','','','2 BGU','A'),(307,22,'1729417582','LOZANO CAMPI EMILIO JOSE','','','2 BGU','A'),(308,22,'1760734044','LOZANO LUZARDO LIGIA DE LOS ANGELES','','','2 BGU','A'),(309,22,'1729224301','MAÑAY MENESES NICOLAS MARTIN','','','2 BGU','A'),(310,22,'1150040481','MASACHE JARAMILLO ANA CRISTINA','','','2 BGU','A'),(311,22,'1753990264','MEJIA SALVADOR MATIAS OMAR','','','2 BGU','A'),(312,22,'1754292207','MOSQUERA URQUIZA JUAN JOSÉ','','','2 BGU','A'),(313,22,'1750662007','RIASCOS BEDON DANTE SEBASTIAN','','','2 BGU','A'),(314,22,'1727134536','ROSAS GONZÁLEZ PATRICIA HELENA','','','2 BGU','A'),(315,22,'1750661264','VARGAS BEDON CAMILA ANNABEL','','','2 BGU','A'),(316,22,'850446642','SANCHEZ MEJIA SCARLETH YINAIKA','','','2 BGU','A'),(317,22,'122531602','YÁÑEZ DA SILVA MANUEL ALEJANDRO','','','2 BGU','A'),(318,22,'1757037823','ZAMBRANO CEVALLOS TOMÁS ALEJANDRO','','','2 BGU','A'),(319,22,'1750770545','ZURITA SABANDO JUAN JOSÉ','','','2 BGU','A'),(320,22,'1751036771','AGUIRRE ROMERO MICKAELA SALOME','','','3 BGU','A'),(321,22,'1752938645','ARTIEDA VASQUEZ CHRISTOPHER ADRIAN','','','3 BGU','A'),(322,22,'1729470243','AYARZA VERGARA SAMIRA RAFAELA','','','3 BGU','A'),(323,22,'1726856071','CHILUISA LONDOÑO DOMENIKA PAULET','','','3 BGU','A'),(324,22,'1751073121','ORTIZ ANDRANGO ARIEL SEBASTIAN','','','3 BGU','A'),(325,22,'1729012227','PORTUGAL SANCHEZ JULIAN NICOLAS','','','3 BGU','A'),(326,22,'1050002292','REMACHE ANDRADE SAMANTHA ALEJANDRA','','','3 BGU','A'),(327,22,'1751624154','SOSA QUINCHIGUANGO SAMANTHA CAROLINA','','','3 BGU','A'),(328,22,'1725717761','SUAREZ CHILUISA MATIAS ARIEL','','','3 BGU','A'),(329,22,'1752963270','TERÁN VALENCIA MARTÍN NICOLAS','','','3 BGU','A'),(330,22,'1729403004','ULLOA PILA EMILIY GISSEL','','','3 BGU','A'),(331,22,'1750413310','VERA SERRANO SAMANTA CAROLINA','','','3 BGU','A'),(332,22,'1752674620','VINUEZA DEL POZO ALEJANDRA ELIZABETH','','','3 BGU','A'),(333,31,'1751521996','LEGARDA CORONEL RAFAELA','','','1 EGB','A'),(334,31,'1759934902','ACEVEDO AGUILAR MATTHEW STEVEN','','','2 EGB','A'),(335,31,'1151392113','CANO AYALA VALENTINA RAFAELA','','','2 EGB','A'),(336,31,'1759977182','GUERRA SALAS DANNA ISABELLA','','','2 EGB','A'),(337,31,'1759599754','LOOR BALSECA ESTEBAN EMMANUEL','','','2 EGB','A'),(338,31,'1761988789','RIVERO PAREDES ELENA VICTORIA','','','2 EGB','A'),(339,31,'1759576000','SERRANO BÁEZ PAULA ELIZABETH','','','2 EGB','A'),(340,31,'1758985467','CHIRIBOGA ESTRELLA MIGUEL EDUARDO','','','3 EGB','A'),(341,31,'1758509747','CISNEROS PROAÑO ISABELLA SALOMÉ','','','3 EGB','A'),(342,31,'1759056482','JÁCOME LUZÓN JUAN FRANCISCO','','','3 EGB','A'),(343,31,'1758925224','LUCIO CARRASCO ISMAEL ALESSANDRO','','','3 EGB','A'),(344,31,'1758717639','MOYA RUBIO SANTIAGO ISAAC','','','3 EGB','A'),(345,31,'1352968323','SERNA ACOSTA FERNANDA','','','3 EGB','A'),(346,31,'1759128919','SUSA MEJÍA DAVID ALEJANDRO','','','3 EGB','A'),(347,31,'3050766777','VIZCAINO CAICEDO LAUREN VALENTINA','','','3 EGB','A'),(348,31,'1758004087','GUERRERO FREIRE KAITLYN ANGELINA','','','4 EGB','A'),(349,31,'1137837855','LUNA  MENOR MÍA ISABELLA','','','4 EGB','A'),(350,31,'1758135648','PROAÑO BUCHELI DANTE EZEQUIEL','','','4 EGB','A'),(351,31,'1758384828','TAPIA GARCÍA ZABAHEL NEHEMIAS','','','4 EGB','A'),(352,31,'1757193048','HARO ACOSTA ALEJANDRO SEBASTIAN','','','5 EGB','A'),(353,31,'1757243892','HERRERA CHURACO ALEJANDRO DAVID','','','5 EGB','A'),(354,31,'1757230477','LEGUISAMON BARRAGAN JEREMY','','','5 EGB','A'),(355,31,'1757194806','GUAMAN GUAMAN NICOLAS YOANDRI','','','6 EGB','A'),(356,31,'1756905251','MORALES FUEL SOFÍA ISABEL','','','6 EGB','A'),(357,31,'1756704621','VELOZA OCAMPO SOFIA','','','6 EGB','A'),(358,31,'1754833026','ZURITA MONCAYO MARTINA','','','6 EGB','A'),(359,31,'1755520879','BONILLA CEVALLOS VICTORIA LEAH','','','7 EGB','A'),(360,31,'1754799805','CEVALLOS BURBANO FRANCISCO SAID','','','7 EGB','A'),(361,31,'1756603484','CHIRIBOGA JARAMILLO VALENTINA ALEJANDRA','','','7 EGB','A'),(362,31,'1756566699','BURGOS AGUIRRE MAXIMILIANO XAVIER','','','7 EGB','A'),(363,31,'1756247803','RAMIREZ SANTANDER RAFAELA','','','7 EGB','A'),(364,31,'1754901138','ZULETA ANDRADE ESTEBAN ROBERTO','','','7 EGB','A'),(365,31,'1754901203','ZULETA ANDRADE MIA NICOLE','','','7 EGB','A'),(366,31,'1754658639','MATEO GONZABAY JOSTIN JOSUE','','','8 EGB','A'),(367,31,'FB507142','MOLANO PEDROZA DANIELA','','','8 EGB','A'),(368,31,'1753312923','VACA YAPI AMELIA LUCIAANA','','','8 EGB','A'),(369,31,'1750969899','CEVALLOS BURBANO JUAN JOSE','','','9 EGB','A'),(370,31,'1752708527','ESPAÑA  ACOSTA DANNA ISABELA','','','9 EGB','A'),(371,31,'1752360352','OTAVALO GUALOTUÑA SOFIA VALENTINA','','','9 EGB','A'),(372,31,'1752032498','ACERO BRAVO ANGIE SHANIK','','','10 EGB','A'),(373,31,'1715220433','CHILUISA SILVA SAMUEL ALEJANDRO','','','10 EGB','A'),(374,31,'1753247574','ESPINOSA RUBIO RICARDO EMANUEL','','','10 EGB','A'),(375,31,'1750813063','ORTIZ ENRIQUEZ DRAKE DARIO','','','10 EGB','A'),(376,31,'1351277940','ZAMBRANO ORTIZ ALVARO ANDRES','','','10 EGB','A'),(377,31,'1751335595','ZAPATA MORALES ZANDER ISMAEL','','','10 EGB','A'),(378,31,'1753919834','BUSTOS TERAN ISRAEL ANTONIO','','','1 BGU','A'),(379,31,'1751080985','CHACÓN ALARCÓN MAURICIO DANIEL','','','1 BGU','A'),(380,31,'1754834271','HERDOIZA BUITRON RAIMYS ISMAEL','','','1 BGU','A'),(381,31,'1751099365','LANDAZURI MONTALVO GAEL ALEJANDRO','','','1 BGU','A'),(382,31,'1750042952','JARA LARA JHOSUE SEBASTIÁN','','','2 BGU','A'),(383,31,'1755998760','MARÍA PAZ AGILA CARRASCO','','','2 BGU','A'),(384,31,'1755048178','GÓMEZ RUEDA ROCKO DANIEL','','','2 BGU','A');

--
-- Table structure for table `solicitud_libros`
--

CREATE TABLE `solicitud_libros` (
  `solicitud_id` int(11) NOT NULL,
  `libro_id` int(11) NOT NULL,
  `moodle_course_id` int(11) DEFAULT NULL,
  PRIMARY KEY (`solicitud_id`,`libro_id`)
) ENGINE=InnoDB DEFAULT CHARSET=utf8mb4 COLLATE=utf8mb4_general_ci;

--
-- Dumping data for table `solicitud_libros`
--

INSERT INTO `solicitud_libros` VALUES (22,13,179),(22,14,180),(22,15,181),(22,16,182),(22,17,183),(22,18,184),(22,19,185),(22,20,186),(22,21,187),(22,22,188),(22,23,189),(22,24,190),(22,25,191),(22,26,192),(22,27,193),(23,56,35),(23,57,36),(23,58,37),(23,59,38),(23,60,39),(23,61,40),(23,62,41),(23,63,42),(23,64,43),(23,65,44),(23,66,45),(23,67,46),(23,68,47),(23,69,48),(23,70,49),(23,71,50),(23,72,51),(23,82,52),(23,109,53),(23,110,54),(23,111,55),(23,118,56),(23,119,57),(23,120,58),(31,13,179),(31,14,180),(31,15,181),(31,16,182),(31,17,183),(31,18,184),(31,19,185),(31,20,186),(31,21,187),(31,22,188),(31,25,189),(31,26,190),(31,55,191),(31,56,192),(31,57,193),(31,58,194),(31,59,195),(31,60,196),(31,61,197),(31,62,198),(31,63,199),(31,64,200),(31,65,201),(31,66,202),(31,67,203),(31,68,204),(31,69,205),(31,70,206),(31,71,207),(31,72,208),(31,73,209),(31,74,210),(31,75,211),(31,76,212),(31,77,213),(31,78,214),(31,79,215),(31,80,216),(31,81,217),(31,109,218),(31,110,219),(31,113,220),(31,115,221),(31,116,222),(31,118,223),(31,119,224),(32,22,NULL),(32,23,NULL),(32,24,NULL),(32,25,NULL),(32,26,NULL),(32,27,NULL),(32,88,NULL),(32,89,NULL),(32,90,NULL),(32,97,NULL),(32,98,NULL),(32,99,NULL),(32,106,NULL),(32,107,NULL),(32,108,NULL),(32,109,NULL),(32,110,NULL),(32,111,NULL),(32,112,NULL),(32,113,NULL),(32,114,NULL),(32,115,NULL),(32,116,NULL),(32,117,NULL),(32,118,NULL),(32,119,NULL),(32,120,NULL),(32,183,NULL),(32,184,NULL),(32,185,NULL),(33,88,35),(33,89,36),(33,90,37),(33,109,38),(33,110,39),(33,111,40),(38,34,NULL),(38,88,NULL),(38,107,NULL),(38,111,NULL),(38,113,NULL),(38,142,NULL),(39,22,NULL),(39,23,NULL),(39,24,NULL),(39,25,NULL),(39,26,NULL),(39,27,NULL),(39,88,NULL),(39,89,NULL),(39,90,NULL),(39,97,NULL),(39,98,NULL),(39,99,NULL),(39,106,NULL),(39,107,NULL),(39,108,NULL),(39,109,NULL),(39,110,NULL),(39,111,NULL),(39,112,NULL),(39,113,NULL),(39,114,NULL),(39,115,NULL),(39,116,NULL),(39,117,NULL),(39,118,NULL),(39,119,NULL),(39,120,NULL),(39,183,NULL),(39,184,NULL),(39,185,NULL),(40,14,NULL),(40,15,NULL),(40,16,NULL),(40,17,NULL),(40,18,NULL),(40,19,NULL),(40,20,NULL),(40,21,NULL),(40,55,NULL),(40,56,NULL),(40,57,NULL),(40,58,NULL),(40,59,NULL),(40,60,NULL),(40,109,NULL),(40,110,NULL),(40,111,NULL),(40,188,NULL),(40,189,NULL);

--
-- Table structure for table `solicitudes`
--

CREATE TABLE `solicitudes` (
  `id` int(11) NOT NULL AUTO_INCREMENT,
  `tipo` enum('normal','demo') DEFAULT 'normal',
  `duracion_demo` int(11) DEFAULT NULL,
  `nombre_institucion` varchar(255) DEFAULT NULL,
  `subdominio_sugerido` varchar(100) DEFAULT NULL,
  `ciudad` varchar(100) DEFAULT NULL,
  `provincia` varchar(100) DEFAULT NULL,
  `codigo_amie` varchar(50) DEFAULT NULL,
  `rector` varchar(150) DEFAULT NULL,
  `vicerrector` varchar(150) DEFAULT NULL,
  `celular1` varchar(20) DEFAULT NULL,
  `celular2` varchar(20) DEFAULT NULL,
  `email1` varchar(150) DEFAULT NULL,
  `email2` varchar(150) DEFAULT NULL,
  `autoriza_activacion` enum('si','no') DEFAULT 'no',
  `usa_estudiantes` enum('si','no') DEFAULT 'no',
  `institucion_id` int(11) DEFAULT NULL,
  `estado` varchar(50) DEFAULT 'pendiente',
  `creado_por` int(11) DEFAULT NULL,
  `aprobado_por` int(11) DEFAULT NULL,
  `fecha_aprobacion` datetime DEFAULT NULL,
  `logs` text DEFAULT NULL,
  `fecha_creacion` timestamp NOT NULL DEFAULT current_timestamp(),
  `editorial_id` int(11) DEFAULT NULL,
  `docentes_status` enum('ninguno','pendiente_aprobacion','aprobado','modificado') DEFAULT 'ninguno',
  `servidor_id` int(11) DEFAULT NULL,
  `estudiantes_status` enum('ninguno','pendiente_aprobacion','aprobado','modificado','matriculados') DEFAULT 'ninguno',
  `regimen_id` int(11) DEFAULT NULL,
  PRIMARY KEY (`id`),
  KEY `institucion_id` (`institucion_id`),
  KEY `creado_por` (`creado_por`),
  KEY `aprobado_por` (`aprobado_por`),
  KEY `fk_solicitud_editorial` (`editorial_id`),
  KEY `fk_regimen` (`regimen_id`),
  CONSTRAINT `fk_regimen` FOREIGN KEY (`regimen_id`) REFERENCES `regimenes` (`id`),
  CONSTRAINT `fk_solicitud_editorial` FOREIGN KEY (`editorial_id`) REFERENCES `editoriales` (`id`) ON DELETE SET NULL,
  CONSTRAINT `solicitudes_ibfk_1` FOREIGN KEY (`institucion_id`) REFERENCES `instituciones` (`id`),
  CONSTRAINT `solicitudes_ibfk_2` FOREIGN KEY (`creado_por`) REFERENCES `usuarios` (`id`),
  CONSTRAINT `solicitudes_ibfk_3` FOREIGN KEY (`aprobado_por`) REFERENCES `usuarios` (`id`)
) ENGINE=InnoDB AUTO_INCREMENT=41 DEFAULT CHARSET=utf8mb4 COLLATE=utf8mb4_general_ci;

--
-- Dumping data for table `solicitudes`
--

INSERT INTO `solicitudes` VALUES (22,'normal',NULL,'UE John Neper','johnneper','Quito','Pichincha','','','','','','','','si','no',NULL,'desplegado',2,1,'2026-03-30 16:26:52',NULL,'2026-03-30 21:08:38',1,'',2,'matriculados',NULL),(23,'normal',NULL,'UE Israel','israel','Manta','Manabí','13H02375','Mgtr. Cecilia Palma','Lic. Lisbeth Cedeño ','985932323','984268823','rectorado@ueisrael.edu.ec','vicerrectorado@ueisrael.edu.ec','si','no',NULL,'desplegado',2,1,'2026-03-31 09:15:19',NULL,'2026-03-31 14:03:11',1,'',1,'ninguno',NULL),(31,'normal',NULL,'UE Talentos','talentos','Quito','Pichincha','17h00245','MsC. Francisco Vásquez','Dra. Gema Urresta','','','','','si','no',NULL,'desplegado',2,1,'2026-04-06 10:34:25',NULL,'2026-04-06 14:30:49',1,'',2,'matriculados',5),(32,'demo',30,'UE CASCANTE','','','','','Demo UE Cascante','','demo.cascante','','demo.cascante@g.com','','no','no',NULL,'atendido',2,3,'2026-04-06 12:10:35',NULL,'2026-04-06 17:10:05',1,'',NULL,'ninguno',1),(33,'normal',NULL,'UE Jesús León de Judá			','jesusleondejuda','Manta','Manabí','','Juana Rosas','','','','juanarosas@uejesusleondejuda.edu.ec','','si','no',NULL,'desplegado',2,1,'2026-04-07 17:56:57',NULL,'2026-04-07 22:53:11',1,'',1,'ninguno',1),(38,'demo',3,'S/N','','Quito','Pichincha','','Erika leticia Alvarado Muñoz','','0911250975','','asesoreducativofamiliar@gmail.com','','no','no',NULL,'atendido',25,3,'2026-04-07 21:23:38',NULL,'2026-04-08 02:23:29',1,'',NULL,'ninguno',1),(39,'demo',30,'Unidad Educativa HOPE','','Guayaquil','Guayas','','Msc. Byron Burbano','','1003969969','','soporte.tecnico@somosgrupora.com','','no','no',NULL,'atendido',2,3,'2026-04-09 17:25:30',NULL,'2026-04-09 22:25:01',1,'',NULL,'ninguno',1),(40,'demo',30,'UE JACARANDÁ','','Guayaquil','Guayas','','Jacaranda','','demo.jacaranda','','demo.jacaranda@gmail.com','','no','no',NULL,'atendido',2,3,'2026-04-09 17:32:50',NULL,'2026-04-09 22:32:42',1,'',NULL,'ninguno',1);


